CRAN Package Check Results for Package serieslcb

Last updated on 2024-07-14 08:48:34 CEST.

Flavor Version Tinstall Tcheck Ttotal Status Flags
r-devel-linux-x86_64-debian-clang 0.4.0 4.08 43.27 47.35 NOTE
r-devel-linux-x86_64-debian-gcc 0.4.0 3.96 32.72 36.68 NOTE
r-devel-linux-x86_64-fedora-clang 0.4.0 60.35 NOTE
r-devel-linux-x86_64-fedora-gcc 0.4.0 57.09 NOTE
r-devel-windows-x86_64 0.4.0 7.00 56.00 63.00 NOTE
r-patched-linux-x86_64 0.4.0 3.60 40.51 44.11 NOTE
r-release-linux-x86_64 0.4.0 5.06 41.04 46.10 NOTE
r-release-macos-arm64 0.4.0 21.00 NOTE
r-release-macos-x86_64 0.4.0 30.00 NOTE
r-release-windows-x86_64 0.4.0 6.00 58.00 64.00 NOTE
r-oldrel-macos-arm64 0.4.0 23.00 NOTE
r-oldrel-macos-x86_64 0.4.0 30.00 NOTE
r-oldrel-windows-x86_64 0.4.0 8.00 63.00 71.00 NOTE

Check Details

Version: 0.4.0
Check: LazyData
Result: NOTE 'LazyData' is specified without a 'data' directory Flavors: r-devel-linux-x86_64-debian-clang, r-devel-linux-x86_64-debian-gcc, r-devel-linux-x86_64-fedora-clang, r-devel-linux-x86_64-fedora-gcc, r-devel-windows-x86_64, r-patched-linux-x86_64, r-release-linux-x86_64, r-release-macos-arm64, r-release-macos-x86_64, r-release-windows-x86_64, r-oldrel-macos-arm64, r-oldrel-macos-x86_64, r-oldrel-windows-x86_64