CRAN Package Check Results for Package shinyKGode

Last updated on 2024-07-14 16:52:44 CEST.

Flavor Version Tinstall Tcheck Ttotal Status Flags
r-devel-linux-x86_64-debian-clang 1.0.5 1.61 21.44 23.05 NOTE
r-devel-linux-x86_64-debian-gcc 1.0.5 1.84 17.35 19.19 NOTE
r-devel-linux-x86_64-fedora-clang 1.0.5 31.74 NOTE
r-devel-linux-x86_64-fedora-gcc 1.0.5 29.01 NOTE
r-devel-windows-x86_64 1.0.5 5.00 39.00 44.00 NOTE
r-patched-linux-x86_64 1.0.5 2.42 21.58 24.00 NOTE
r-release-linux-x86_64 1.0.5 1.58 20.48 22.06 NOTE
r-release-macos-arm64 1.0.5 14.00 NOTE
r-release-macos-x86_64 1.0.5 21.00 NOTE
r-release-windows-x86_64 1.0.5 5.00 40.00 45.00 NOTE
r-oldrel-macos-arm64 1.0.5 16.00 NOTE
r-oldrel-macos-x86_64 1.0.5 20.00 NOTE
r-oldrel-windows-x86_64 1.0.5 5.00 40.00 45.00 NOTE

Check Details

Version: 1.0.5
Check: LazyData
Result: NOTE 'LazyData' is specified without a 'data' directory Flavors: r-devel-linux-x86_64-debian-clang, r-devel-linux-x86_64-debian-gcc, r-devel-linux-x86_64-fedora-clang, r-devel-linux-x86_64-fedora-gcc, r-devel-windows-x86_64, r-patched-linux-x86_64, r-release-linux-x86_64, r-release-macos-arm64, r-release-macos-x86_64, r-release-windows-x86_64, r-oldrel-macos-arm64, r-oldrel-macos-x86_64, r-oldrel-windows-x86_64

Version: 1.0.5
Check: dependencies in R code
Result: NOTE Namespaces in Imports field not imported from: ‘KGode’ ‘XML’ ‘ggplot2’ ‘gridExtra’ ‘mvtnorm’ ‘reshape2’ ‘shinyjs’ All declared Imports should be used. Flavors: r-devel-linux-x86_64-fedora-clang, r-devel-linux-x86_64-fedora-gcc