CRAN Package Check Results for Package shinySIR

Last updated on 2024-07-21 00:56:30 CEST.

Flavor Version Tinstall Tcheck Ttotal Status Flags
r-devel-linux-x86_64-debian-clang 0.1.2 9.01 68.00 77.01 NOTE
r-devel-linux-x86_64-debian-gcc 0.1.2 7.34 51.76 59.10 NOTE
r-devel-linux-x86_64-fedora-clang 0.1.2 98.93 NOTE
r-devel-linux-x86_64-fedora-gcc 0.1.2 103.39 NOTE
r-devel-windows-x86_64 0.1.2 13.00 72.00 85.00 NOTE
r-patched-linux-x86_64 0.1.2 9.39 65.03 74.42 NOTE
r-release-linux-x86_64 0.1.2 5.74 64.98 70.72 NOTE
r-release-macos-arm64 0.1.2 37.00 NOTE
r-release-macos-x86_64 0.1.2 55.00 NOTE
r-release-windows-x86_64 0.1.2 9.00 71.00 80.00 NOTE
r-oldrel-macos-arm64 0.1.2 49.00 NOTE
r-oldrel-macos-x86_64 0.1.2 54.00 NOTE
r-oldrel-windows-x86_64 0.1.2 11.00 82.00 93.00 NOTE

Check Details

Version: 0.1.2
Check: LazyData
Result: NOTE 'LazyData' is specified without a 'data' directory Flavors: r-devel-linux-x86_64-debian-clang, r-devel-linux-x86_64-debian-gcc, r-devel-linux-x86_64-fedora-clang, r-devel-linux-x86_64-fedora-gcc, r-devel-windows-x86_64, r-patched-linux-x86_64, r-release-linux-x86_64, r-release-macos-arm64, r-release-macos-x86_64, r-release-windows-x86_64, r-oldrel-macos-arm64, r-oldrel-macos-x86_64, r-oldrel-windows-x86_64