CRAN Package Check Results for Package shinyrecipes

Last updated on 2024-07-20 16:49:16 CEST.

Flavor Version Tinstall Tcheck Ttotal Status Flags
r-devel-linux-x86_64-debian-clang 0.1.0 19.36 134.88 154.24 NOTE
r-devel-linux-x86_64-debian-gcc 0.1.0 14.23 99.30 113.53 NOTE
r-devel-linux-x86_64-fedora-clang 0.1.0 195.41 NOTE
r-devel-linux-x86_64-fedora-gcc 0.1.0 176.73 NOTE
r-devel-windows-x86_64 0.1.0 18.00 108.00 126.00 NOTE
r-patched-linux-x86_64 0.1.0 10.21 128.36 138.57 NOTE
r-release-linux-x86_64 0.1.0 11.38 125.02 136.40 NOTE
r-release-macos-arm64 0.1.0 51.00 NOTE
r-release-macos-x86_64 0.1.0 73.00 NOTE
r-release-windows-x86_64 0.1.0 16.00 107.00 123.00 NOTE
r-oldrel-macos-arm64 0.1.0 59.00 NOTE
r-oldrel-macos-x86_64 0.1.0 95.00 NOTE
r-oldrel-windows-x86_64 0.1.0 20.00 133.00 153.00 NOTE

Check Details

Version: 0.1.0
Check: LazyData
Result: NOTE 'LazyData' is specified without a 'data' directory Flavors: r-devel-linux-x86_64-debian-clang, r-devel-linux-x86_64-debian-gcc, r-devel-linux-x86_64-fedora-clang, r-devel-linux-x86_64-fedora-gcc, r-devel-windows-x86_64, r-patched-linux-x86_64, r-release-linux-x86_64, r-release-macos-arm64, r-release-macos-x86_64, r-release-windows-x86_64, r-oldrel-macos-arm64, r-oldrel-macos-x86_64, r-oldrel-windows-x86_64