CRAN Package Check Results for Package shinyservicebot

Last updated on 2024-07-17 08:55:23 CEST.

Flavor Version Tinstall Tcheck Ttotal Status Flags
r-devel-linux-x86_64-debian-clang 0.1.0 2.91 35.10 38.01 NOTE
r-devel-linux-x86_64-debian-gcc 0.1.0 1.80 27.26 29.06 NOTE
r-devel-linux-x86_64-fedora-clang 0.1.0 49.45 NOTE
r-devel-linux-x86_64-fedora-gcc 0.1.0 58.73 NOTE
r-devel-windows-x86_64 0.1.0 5.00 50.00 55.00 NOTE
r-patched-linux-x86_64 0.1.0 2.66 33.04 35.70 NOTE
r-release-linux-x86_64 0.1.0 2.69 34.10 36.79 NOTE
r-release-macos-arm64 0.1.0 30.00 NOTE
r-release-macos-x86_64 0.1.0 38.00 NOTE
r-release-windows-x86_64 0.1.0 5.00 50.00 55.00 NOTE
r-oldrel-macos-arm64 0.1.0 28.00 NOTE
r-oldrel-macos-x86_64 0.1.0 36.00 NOTE
r-oldrel-windows-x86_64 0.1.0 5.00 53.00 58.00 NOTE

Check Details

Version: 0.1.0
Check: LazyData
Result: NOTE 'LazyData' is specified without a 'data' directory Flavors: r-devel-linux-x86_64-debian-clang, r-devel-linux-x86_64-debian-gcc, r-devel-linux-x86_64-fedora-clang, r-devel-linux-x86_64-fedora-gcc, r-devel-windows-x86_64, r-patched-linux-x86_64, r-release-linux-x86_64, r-release-macos-arm64, r-release-macos-x86_64, r-release-windows-x86_64, r-oldrel-macos-arm64, r-oldrel-macos-x86_64, r-oldrel-windows-x86_64