CRAN Package Check Results for Package simulariatools

Last updated on 2024-07-22 16:57:26 CEST.

Flavor Version Tinstall Tcheck Ttotal Status Flags
r-devel-linux-x86_64-debian-clang 2.5.1 30.61 352.12 382.73 OK
r-devel-linux-x86_64-debian-gcc 2.5.1 28.72 249.58 278.30 NOTE
r-devel-linux-x86_64-fedora-clang 2.5.1 401.60 OK
r-devel-linux-x86_64-fedora-gcc 2.5.1 426.96 OK
r-devel-windows-x86_64 2.5.1 27.00 207.00 234.00 NOTE
r-patched-linux-x86_64 2.5.1 37.83 327.63 365.46 OK
r-release-linux-x86_64 2.5.1 34.00 307.87 341.87 OK
r-release-macos-arm64 2.5.1 100.00 OK
r-release-macos-x86_64 2.5.1 178.00 OK
r-release-windows-x86_64 2.5.1 27.00 198.00 225.00 OK
r-oldrel-macos-arm64 2.5.1 96.00 OK
r-oldrel-macos-x86_64 2.5.1 271.00 OK
r-oldrel-windows-x86_64 2.5.1 37.00 272.00 309.00 OK

Check Details

Version: 2.5.1
Check: Rd cross-references
Result: NOTE Found the following Rd file(s) with Rd \link{} targets missing package anchors: stat_hollow_contour.Rd: aes, aes_, borders, layer Please provide package anchors for all Rd \link{} targets not in the package itself and the base packages. Flavors: r-devel-linux-x86_64-debian-gcc, r-devel-windows-x86_64