CRAN Package Check Results for Package siplab

Last updated on 2024-07-14 16:52:44 CEST.

Flavor Version Tinstall Tcheck Ttotal Status Flags
r-devel-linux-x86_64-debian-clang 1.6 11.34 112.25 123.59 OK
r-devel-linux-x86_64-debian-gcc 1.6 7.92 83.21 91.13 OK
r-devel-linux-x86_64-fedora-clang 1.6 158.84 OK
r-devel-linux-x86_64-fedora-gcc 1.6 160.10 OK
r-devel-windows-x86_64 1.6 9.00 121.00 130.00 OK
r-patched-linux-x86_64 1.6 6.57 106.64 113.21 OK
r-release-linux-x86_64 1.6 6.80 107.31 114.11 OK
r-release-macos-arm64 1.6 53.00 OK
r-release-macos-x86_64 1.6 78.00 WARN
r-release-windows-x86_64 1.6 8.00 121.00 129.00 OK
r-oldrel-macos-arm64 1.6 62.00 OK
r-oldrel-macos-x86_64 1.6 88.00 OK
r-oldrel-windows-x86_64 1.6 12.00 142.00 154.00 OK

Check Details

Version: 1.6
Check: re-building of vignette outputs
Result: WARN Error(s) in re-building vignettes: --- re-building ‘cindex.Rnw’ using knitr Error: processing vignette 'cindex.Rnw' failed with diagnostics: Running 'texi2dvi' on 'cindex.tex' failed. LaTeX errors: ! Undefined control sequence. l.125 \hlkwd{library}\hldef {(siplab)} ? ! Emergency stop. ! Emergency stop. l.125 End of file on the terminal! ! ==> Fatal error occurred, no output PDF file produced! --- failed re-building ‘cindex.Rnw’ --- re-building ‘gentle.Rnw’ using knitr Error: processing vignette 'gentle.Rnw' failed with diagnostics: Running 'texi2dvi' on 'gentle.tex' failed. LaTeX errors: ! Undefined control sequence. l.142 \hlkwd{curve}\hldef {(}\hlkwd{abs}\hldef{(x} \hlopt{-} \hlnum{2}\hldef{... ? ! Emergency stop. l.142 End of file on the terminal! ! ==> Fatal error occurred, no output PDF file produced! --- failed re-building ‘gentle.Rnw’ SUMMARY: processing the following files failed: ‘cindex.Rnw’ ‘gentle.Rnw’ Error: Vignette re-building failed. Execution halted Flavor: r-release-macos-x86_64