CRAN Package Check Results for Package slam

Last updated on 2024-06-16 00:58:32 CEST.

Flavor Version Tinstall Tcheck Ttotal Status Flags
r-devel-linux-x86_64-debian-clang 0.1-50 6.79 45.02 51.81 NOTE
r-devel-linux-x86_64-debian-gcc 0.1-50 5.31 33.05 38.36 NOTE
r-devel-linux-x86_64-fedora-clang 0.1-50 66.62 NOTE
r-devel-linux-x86_64-fedora-gcc 0.1-50 65.44 NOTE
r-devel-windows-x86_64 0.1-50 10.00 59.00 69.00 NOTE
r-patched-linux-x86_64 0.1-50 7.74 43.76 51.50 OK
r-release-linux-x86_64 0.1-50 7.04 43.72 50.76 OK
r-release-macos-arm64 0.1-50 23.00 OK
r-release-macos-x86_64 0.1-50 38.00 OK
r-release-windows-x86_64 0.1-50 10.00 58.00 68.00 OK
r-oldrel-macos-arm64 0.1-50 25.00 OK
r-oldrel-macos-x86_64 0.1-50 39.00 OK
r-oldrel-windows-x86_64 0.1-50 9.00 67.00 76.00 OK

Check Details

Version: 0.1-50
Check: compiled code
Result: NOTE File ‘slam/libs/slam.so’: Found non-API calls to R: ‘SETLENGTH’, ‘UNSET_S4_OBJECT’ Compiled code should not call non-API entry points in R. See ‘Writing portable packages’ in the ‘Writing R Extensions’ manual. Flavors: r-devel-linux-x86_64-debian-clang, r-devel-linux-x86_64-debian-gcc, r-devel-linux-x86_64-fedora-clang, r-devel-linux-x86_64-fedora-gcc

Version: 0.1-50
Check: compiled code
Result: NOTE File 'slam/libs/x64/slam.dll': Found non-API calls to R: 'SETLENGTH', 'UNSET_S4_OBJECT' Compiled code should not call non-API entry points in R. See 'Writing portable packages' in the 'Writing R Extensions' manual. Flavor: r-devel-windows-x86_64