CRAN Package Check Results for Package slideview

Last updated on 2024-07-23 16:49:17 CEST.

Flavor Version Tinstall Tcheck Ttotal Status Flags
r-devel-linux-x86_64-debian-clang 0.2.0 29.63 280.69 310.32 OK
r-devel-linux-x86_64-debian-gcc 0.2.0 24.60 203.34 227.94 NOTE
r-devel-linux-x86_64-fedora-clang 0.2.0 389.57 OK
r-devel-linux-x86_64-fedora-gcc 0.2.0 365.82 OK
r-devel-windows-x86_64 0.2.0 23.00 164.00 187.00 NOTE
r-patched-linux-x86_64 0.2.0 28.56 269.28 297.84 OK
r-release-linux-x86_64 0.2.0 27.01 272.31 299.32 OK
r-release-macos-arm64 0.2.0 79.00 OK
r-release-macos-x86_64 0.2.0 135.00 OK
r-release-windows-x86_64 0.2.0 24.00 164.00 188.00 OK
r-oldrel-macos-arm64 0.2.0 87.00 OK
r-oldrel-macos-x86_64 0.2.0 156.00 OK
r-oldrel-windows-x86_64 0.2.0 33.00 217.00 250.00 OK

Check Details

Version: 0.2.0
Check: Rd cross-references
Result: NOTE Found the following Rd file(s) with Rd \link{} targets missing package anchors: slideView.Rd: levelplot Please provide package anchors for all Rd \link{} targets not in the package itself and the base packages. Flavors: r-devel-linux-x86_64-debian-gcc, r-devel-windows-x86_64