CRAN Package Check Results for Package smartsizer

Last updated on 2024-06-16 00:58:32 CEST.

Flavor Version Tinstall Tcheck Ttotal Status Flags
r-devel-linux-x86_64-debian-clang 1.0.3 2.40 184.58 186.98 NOTE
r-devel-linux-x86_64-debian-gcc 1.0.3 1.90 107.59 109.49 NOTE
r-devel-linux-x86_64-fedora-clang 1.0.3 213.25 NOTE
r-devel-linux-x86_64-fedora-gcc 1.0.3 218.12 NOTE
r-devel-windows-x86_64 1.0.3 3.00 115.00 118.00 NOTE
r-patched-linux-x86_64 1.0.3 2.19 159.74 161.93 NOTE
r-release-linux-x86_64 1.0.3 2.34 159.01 161.35 NOTE
r-release-macos-arm64 1.0.3 55.00 NOTE
r-release-macos-x86_64 1.0.3 88.00 NOTE
r-release-windows-x86_64 1.0.3 3.00 118.00 121.00 NOTE
r-oldrel-macos-arm64 1.0.3 60.00 NOTE
r-oldrel-macos-x86_64 1.0.3 98.00 NOTE
r-oldrel-windows-x86_64 1.0.3 3.00 138.00 141.00 NOTE

Check Details

Version: 1.0.3
Check: LazyData
Result: NOTE 'LazyData' is specified without a 'data' directory Flavors: r-devel-linux-x86_64-debian-clang, r-devel-linux-x86_64-debian-gcc, r-devel-linux-x86_64-fedora-clang, r-devel-linux-x86_64-fedora-gcc, r-devel-windows-x86_64, r-patched-linux-x86_64, r-release-linux-x86_64, r-release-macos-arm64, r-release-macos-x86_64, r-release-windows-x86_64, r-oldrel-macos-arm64, r-oldrel-macos-x86_64, r-oldrel-windows-x86_64