CRAN Package Check Results for Package smooth

Last updated on 2024-06-22 16:49:16 CEST.

Flavor Version Tinstall Tcheck Ttotal Status Flags
r-devel-linux-x86_64-debian-clang 4.0.2 251.58 601.31 852.89 OK
r-devel-linux-x86_64-debian-gcc 4.0.2 173.54 415.68 589.22 OK
r-devel-linux-x86_64-fedora-clang 4.0.2 1068.35 NOTE
r-devel-linux-x86_64-fedora-gcc 4.0.2 1118.76 OK
r-devel-windows-x86_64 4.0.1 161.00 127.00 288.00 NOTE --no-vignettes
r-patched-linux-x86_64 4.0.1 153.94 570.52 724.46 OK
r-release-linux-x86_64 4.0.1 150.80 570.22 721.02 OK
r-release-macos-arm64 4.0.2 237.00 NOTE
r-release-macos-x86_64 4.0.2 541.00 NOTE
r-release-windows-x86_64 4.0.1 172.00 217.00 389.00 NOTE --no-vignettes
r-oldrel-macos-arm64 4.0.2 324.00 NOTE
r-oldrel-macos-x86_64 4.0.2 645.00 NOTE
r-oldrel-windows-x86_64 4.0.2 136.00 156.00 292.00 NOTE --no-vignettes

Check Details

Version: 4.0.2
Check: installed package size
Result: NOTE installed size is 6.0Mb sub-directories of 1Mb or more: R 1.2Mb doc 3.4Mb Flavors: r-devel-linux-x86_64-fedora-clang, r-release-macos-arm64, r-release-macos-x86_64, r-oldrel-macos-arm64, r-oldrel-macos-x86_64

Version: 4.0.1
Flags: --no-vignettes
Check: package dependencies
Result: NOTE Package suggested but not available for checking: 'doMC' Flavors: r-devel-windows-x86_64, r-release-windows-x86_64

Version: 4.0.1
Flags: --no-vignettes
Check: installed package size
Result: NOTE installed size is 6.6Mb sub-directories of 1Mb or more: R 1.2Mb doc 3.3Mb libs 1.6Mb Flavors: r-devel-windows-x86_64, r-release-windows-x86_64

Version: 4.0.2
Flags: --no-vignettes
Check: package dependencies
Result: NOTE Package suggested but not available for checking: 'doMC' Flavor: r-oldrel-windows-x86_64

Version: 4.0.2
Flags: --no-vignettes
Check: installed package size
Result: NOTE installed size is 6.7Mb sub-directories of 1Mb or more: R 1.3Mb doc 3.3Mb libs 1.7Mb Flavor: r-oldrel-windows-x86_64