CRAN Package Check Results for Package soc.ca

Last updated on 2024-07-12 17:55:21 CEST.

Flavor Version Tinstall Tcheck Ttotal Status Flags
r-devel-linux-x86_64-debian-clang 0.8.0 10.76 122.55 133.31 NOTE
r-devel-linux-x86_64-debian-gcc 0.8.0 8.98 87.71 96.69 NOTE
r-devel-linux-x86_64-fedora-clang 0.8.0 169.25 NOTE
r-devel-linux-x86_64-fedora-gcc 0.8.0 152.25 NOTE
r-devel-windows-x86_64 0.8.0 11.00 118.00 129.00 NOTE
r-patched-linux-x86_64 0.8.0 20.55 112.89 133.44 NOTE
r-release-linux-x86_64 0.8.0 7.99 113.29 121.28 NOTE
r-release-macos-arm64 0.8.0 43.00 NOTE
r-release-macos-x86_64 0.8.0 77.00 NOTE
r-release-windows-x86_64 0.8.0 11.00 116.00 127.00 NOTE
r-oldrel-macos-arm64 0.8.0 47.00 OK
r-oldrel-macos-x86_64 0.8.0 74.00 OK
r-oldrel-windows-x86_64 0.8.0 15.00 136.00 151.00 OK

Check Details

Version: 0.8.0
Check: Rd files
Result: NOTE checkRd: (-1) map.active.Rd:82: Lost braces 82 | \link{guides}, \link{theme} and link{guide_legend} functions from the | ^ checkRd: (-1) map.add.Rd:99: Lost braces 99 | \link{guides}, \link{theme} and link{guide_legend} functions from the | ^ checkRd: (-1) map.csa.mca.Rd:35: Lost braces 35 | \link{soc.csa}, \link{map.csa.all}, link{map.csa.mca.array} | ^ checkRd: (-1) map.ctr.Rd:85: Lost braces 85 | \link{guides}, \link{theme} and link{guide_legend} functions from the | ^ checkRd: (-1) map.ind.Rd:80: Lost braces 80 | \link{guides}, \link{theme} and link{guide_legend} functions from the | ^ checkRd: (-1) map.mod.Rd:82: Lost braces 82 | \link{guides}, \link{theme} and link{guide_legend} functions from the | ^ checkRd: (-1) map.sup.Rd:82: Lost braces 82 | \link{guides}, \link{theme} and link{guide_legend} functions from the | ^ Flavors: r-devel-linux-x86_64-debian-clang, r-devel-linux-x86_64-debian-gcc, r-devel-linux-x86_64-fedora-clang, r-devel-linux-x86_64-fedora-gcc, r-devel-windows-x86_64, r-patched-linux-x86_64, r-release-linux-x86_64, r-release-macos-arm64, r-release-macos-x86_64, r-release-windows-x86_64

Version: 0.8.0
Check: dependencies in R code
Result: NOTE Namespaces in Imports field not imported from: ‘FactoMineR’ ‘flextable’ ‘htmlTable’ ‘stringr’ All declared Imports should be used. Flavors: r-devel-linux-x86_64-fedora-clang, r-devel-linux-x86_64-fedora-gcc

Version: 0.8.0
Check: data for non-ASCII characters
Result: NOTE Note: found 938 marked UTF-8 strings Flavors: r-devel-linux-x86_64-fedora-clang, r-devel-linux-x86_64-fedora-gcc

Version: 0.8.0
Check: Rd cross-references
Result: NOTE Found the following Rd file(s) with Rd \link{} targets missing package anchors: map.active.Rd: geom_text_repel, geom_label_repel, guides, theme map.add.Rd: geom_text_repel, geom_label_repel, guides, theme map.csa.mca.Rd: geom_smooth map.ctr.Rd: geom_text_repel, geom_label_repel, guides, theme map.ind.Rd: geom_text_repel, geom_label_repel, guides, theme map.mod.Rd: geom_text_repel, geom_label_repel, guides, theme map.path.Rd: geom_path, geom_point, geom_text map.select.Rd: geom_text_repel, geom_label_repel, guides, theme, guide_legend map.sup.Rd: geom_text_repel, geom_label_repel, guides, theme Please provide package anchors for all Rd \link{} targets not in the package itself and the base packages. Flavor: r-devel-windows-x86_64