CRAN Package Check Results for Package sodavis

Last updated on 2024-06-18 16:50:04 CEST.

Flavor Version Tinstall Tcheck Ttotal Status Flags
r-devel-linux-x86_64-debian-clang 1.2 3.03 31.55 34.58 NOTE
r-devel-linux-x86_64-debian-gcc 1.2 2.82 23.63 26.45 NOTE
r-devel-linux-x86_64-fedora-clang 1.2 42.88 NOTE
r-devel-linux-x86_64-fedora-gcc 1.2 40.98 NOTE
r-devel-windows-x86_64 1.2 3.00 45.00 48.00 NOTE
r-patched-linux-x86_64 1.2 3.99 30.61 34.60 NOTE
r-release-linux-x86_64 1.2 3.57 30.68 34.25 NOTE
r-release-macos-arm64 1.2 17.00 NOTE
r-release-macos-x86_64 1.2 26.00 NOTE
r-release-windows-x86_64 1.2 4.00 46.00 50.00 NOTE
r-oldrel-macos-arm64 1.2 19.00 OK
r-oldrel-macos-x86_64 1.2 25.00 OK
r-oldrel-windows-x86_64 1.2 3.00 47.00 50.00 OK

Check Details

Version: 1.2
Check: Rd files
Result: NOTE checkRd: (-1) s_soda_pred.Rd:8: Lost braces; missing escapes or markup? 8 | S-SODA assumes within each slice the X vector follow multivariate normal distribution. This function predicts the response y by reverting the P(X | slice(y)) to P(slice(y) | X), and estimates the E(y|X) as sum_{h} E(y | slice(y)=h, X) P (slice(y)=h | X) | ^ Flavors: r-devel-linux-x86_64-debian-clang, r-devel-linux-x86_64-debian-gcc, r-devel-linux-x86_64-fedora-clang, r-devel-linux-x86_64-fedora-gcc, r-devel-windows-x86_64, r-patched-linux-x86_64, r-release-linux-x86_64, r-release-macos-arm64, r-release-macos-x86_64, r-release-windows-x86_64