CRAN Package Check Results for Package somspace

Last updated on 2024-07-17 08:55:24 CEST.

Flavor Version Tinstall Tcheck Ttotal Status Flags
r-devel-linux-x86_64-debian-clang 1.2.4 9.17 68.00 77.17 OK
r-devel-linux-x86_64-debian-gcc 1.2.4 7.67 51.71 59.38 OK
r-devel-linux-x86_64-fedora-clang 1.2.4 102.73 OK
r-devel-linux-x86_64-fedora-gcc 1.2.4 108.99 OK
r-devel-windows-x86_64 1.2.4 10.00 75.00 85.00 NOTE
r-patched-linux-x86_64 1.2.4 12.24 65.25 77.49 OK
r-release-linux-x86_64 1.2.4 9.85 65.14 74.99 OK
r-release-macos-arm64 1.2.4 42.00 OK
r-release-macos-x86_64 1.2.4 69.00 OK
r-release-windows-x86_64 1.2.4 10.00 77.00 87.00 OK
r-oldrel-macos-arm64 1.2.4 39.00 OK
r-oldrel-macos-x86_64 1.2.4 75.00 OK
r-oldrel-windows-x86_64 1.2.4 14.00 80.00 94.00 OK

Check Details

Version: 1.2.4
Check: Rd cross-references
Result: NOTE Found the following Rd file(s) with Rd \link{} targets missing package anchors: somsp.Rd: kohonen somspa.Rd: kohonen, som Please provide package anchors for all Rd \link{} targets not in the package itself and the base packages. Flavor: r-devel-windows-x86_64