CRAN Package Check Results for Package spatstat.Knet

Last updated on 2024-07-20 00:57:05 CEST.

Flavor Version Tinstall Tcheck Ttotal Status Flags
r-devel-linux-x86_64-debian-clang 3.0-2 11.09 104.65 115.74 NOTE
r-devel-linux-x86_64-debian-gcc 3.0-2 8.10 78.92 87.02 NOTE
r-devel-linux-x86_64-fedora-clang 3.1-0 151.45 NOTE
r-devel-linux-x86_64-fedora-gcc 3.1-0 147.92 NOTE
r-devel-windows-x86_64 3.0-2 15.00 91.00 106.00 NOTE
r-patched-linux-x86_64 3.0-2 9.06 99.00 108.06 NOTE
r-release-linux-x86_64 3.0-2 8.83 103.35 112.18 NOTE
r-release-macos-arm64 3.1-0 45.00 NOTE
r-release-macos-x86_64 3.1-0 86.00 NOTE
r-release-windows-x86_64 3.0-2 14.00 91.00 105.00 NOTE
r-oldrel-macos-arm64 3.1-0 56.00 NOTE
r-oldrel-macos-x86_64 3.1-0 93.00 NOTE
r-oldrel-windows-x86_64 3.0-2 18.00 108.00 126.00 NOTE

Check Details

Version: 3.0-2
Check: package dependencies
Result: NOTE Depends: includes the non-default packages: 'spatstat.data', 'spatstat.sparse', 'spatstat.geom', 'spatstat.random', 'spatstat.explore', 'spatstat.model', 'spatstat.linnet', 'spatstat' Adding so many packages to the search path is excessive and importing selectively is preferable. Flavors: r-devel-linux-x86_64-debian-clang, r-devel-linux-x86_64-debian-gcc, r-devel-windows-x86_64, r-patched-linux-x86_64, r-release-linux-x86_64, r-release-windows-x86_64, r-oldrel-windows-x86_64

Version: 3.1-0
Check: package dependencies
Result: NOTE Depends: includes the non-default packages: 'spatstat.data', 'spatstat.sparse', 'spatstat.univar', 'spatstat.geom', 'spatstat.random', 'spatstat.explore', 'spatstat.model', 'spatstat.linnet', 'spatstat' Adding so many packages to the search path is excessive and importing selectively is preferable. Flavors: r-devel-linux-x86_64-fedora-clang, r-devel-linux-x86_64-fedora-gcc, r-release-macos-arm64, r-release-macos-x86_64, r-oldrel-macos-arm64, r-oldrel-macos-x86_64