CRAN Package Check Results for Package spocc

Last updated on 2024-07-18 00:55:07 CEST.

Flavor Version Tinstall Tcheck Ttotal Status Flags
r-devel-linux-x86_64-debian-clang 1.2.3 12.90 88.29 101.19 OK
r-devel-linux-x86_64-debian-gcc 1.2.3 10.40 65.04 75.44 OK
r-devel-linux-x86_64-fedora-clang 1.2.3 130.88 OK
r-devel-linux-x86_64-fedora-gcc 1.2.3 122.73 OK
r-devel-windows-x86_64 1.2.3 11.00 90.00 101.00 NOTE
r-patched-linux-x86_64 1.2.3 17.67 83.16 100.83 OK
r-release-linux-x86_64 1.2.3 9.59 84.38 93.97 OK
r-release-macos-arm64 1.2.3 37.00 OK
r-release-macos-x86_64 1.2.3 89.00 OK
r-release-windows-x86_64 1.2.3 11.00 89.00 100.00 OK
r-oldrel-macos-arm64 1.2.3 40.00 OK
r-oldrel-macos-x86_64 1.2.3 70.00 OK
r-oldrel-windows-x86_64 1.2.3 13.00 104.00 117.00 OK

Check Details

Version: 1.2.3
Check: Rd cross-references
Result: NOTE Found the following Rd file(s) with Rd \link{} targets missing package anchors: as.idigbio.Rd: idig_search_records Please provide package anchors for all Rd \link{} targets not in the package itself and the base packages. Flavor: r-devel-windows-x86_64