CRAN Package Check Results for Package sqldf

Last updated on 2024-06-19 00:49:42 CEST.

Flavor Version Tinstall Tcheck Ttotal Status Flags
r-devel-linux-x86_64-debian-clang 0.4-11 7.63 56.66 64.29 NOTE
r-devel-linux-x86_64-debian-gcc 0.4-11 5.58 41.57 47.15 NOTE
r-devel-linux-x86_64-fedora-clang 0.4-11 77.72 NOTE
r-devel-linux-x86_64-fedora-gcc 0.4-11 74.81 NOTE
r-devel-windows-x86_64 0.4-11 6.00 58.00 64.00 NOTE
r-patched-linux-x86_64 0.4-11 7.11 54.23 61.34 NOTE
r-release-linux-x86_64 0.4-11 6.76 53.44 60.20 NOTE
r-release-macos-arm64 0.4-11 33.00 NOTE
r-release-macos-x86_64 0.4-11 43.00 NOTE
r-release-windows-x86_64 0.4-11 6.00 61.00 67.00 NOTE
r-oldrel-macos-arm64 0.4-11 25.00 OK
r-oldrel-macos-x86_64 0.4-11 46.00 OK
r-oldrel-windows-x86_64 0.4-11 8.00 67.00 75.00 OK

Check Details

Version: 0.4-11
Check: Rd files
Result: NOTE checkRd: (-1) sqldf.Rd:248: Lost braces 248 | and code{port} arguments of sqldf. | ^ Flavors: r-devel-linux-x86_64-debian-clang, r-devel-linux-x86_64-debian-gcc, r-devel-linux-x86_64-fedora-clang, r-devel-linux-x86_64-fedora-gcc, r-devel-windows-x86_64, r-patched-linux-x86_64, r-release-linux-x86_64, r-release-macos-arm64, r-release-macos-x86_64, r-release-windows-x86_64