CRAN Package Check Results for Package stlnpp

Last updated on 2024-07-24 16:54:03 CEST.

Flavor Version Tinstall Tcheck Ttotal Status Flags
r-devel-linux-x86_64-debian-clang 0.4.0 10.79 98.37 109.16 OK
r-devel-linux-x86_64-debian-gcc 0.4.0 8.69 74.76 83.45 NOTE
r-devel-linux-x86_64-fedora-clang 0.4.0 137.84 OK
r-devel-linux-x86_64-fedora-gcc 0.4.0 129.26 OK
r-devel-windows-x86_64 0.4.0 11.00 96.00 107.00 NOTE
r-patched-linux-x86_64 0.4.0 14.64 93.16 107.80 OK
r-release-linux-x86_64 0.4.0 6.99 95.47 102.46 OK
r-release-macos-arm64 0.4.0 44.00 OK
r-release-macos-x86_64 0.4.0 97.00 OK
r-release-windows-x86_64 0.4.0 11.00 96.00 107.00 OK
r-oldrel-macos-arm64 0.4.0 48.00 OK
r-oldrel-macos-x86_64 0.4.0 115.00 OK
r-oldrel-windows-x86_64 0.4.0 14.00 118.00 132.00 OK

Check Details

Version: 0.4.0
Check: Rd cross-references
Result: NOTE Found the following Rd file(s) with Rd \link{} targets missing package anchors: STLK.Rd: Kest STLg.Rd: pcf as.lpp.stlpp.Rd: as.lpp, lpp as.stlpp.Rd: ppp, lpp, linnet as.tpp.stlpp.Rd: lpp, as.lpp density.stlpp.Rd: density.lpp, densityQuick.lpp, bw.scott.iso densityVoronoi.stlpp.Rd: densityVoronoi.lpp densityVoronoi.tpp.Rd: densityVoronoi.lpp methods.stlpp.Rd: as.linim rpoistlpp.Rd: ppp rthin.stlpp.Rd: rthin stlpp.Rd: as.ppp, lpp, linnet Please provide package anchors for all Rd \link{} targets not in the package itself and the base packages. Flavors: r-devel-linux-x86_64-debian-gcc, r-devel-windows-x86_64