CRAN Package Check Results for Package synthesis

Last updated on 2024-06-17 08:51:23 CEST.

Flavor Version Tinstall Tcheck Ttotal Status Flags
r-devel-linux-x86_64-debian-clang 1.2.4 3.68 40.54 44.22 ERROR
r-devel-linux-x86_64-debian-gcc 1.2.4 2.89 31.57 34.46 ERROR
r-devel-linux-x86_64-fedora-clang 1.2.4 61.90 ERROR
r-devel-linux-x86_64-fedora-gcc 1.2.4 71.36 ERROR
r-devel-windows-x86_64 1.2.4 3.00 79.00 82.00 OK
r-patched-linux-x86_64 1.2.4 4.45 75.63 80.08 OK
r-release-linux-x86_64 1.2.4 3.91 39.94 43.85 ERROR
r-release-macos-arm64 1.2.4 30.00 OK
r-release-macos-x86_64 1.2.4 51.00 OK
r-release-windows-x86_64 1.2.4 5.00 82.00 87.00 OK
r-oldrel-macos-arm64 1.2.4 39.00 OK
r-oldrel-macos-x86_64 1.2.4 89.00 OK
r-oldrel-windows-x86_64 1.2.4 5.00 86.00 91.00 OK

Check Details

Version: 1.2.4
Check: package dependencies
Result: NOTE Package suggested but not available for checking: ‘NPRED’ Flavors: r-devel-linux-x86_64-debian-clang, r-devel-linux-x86_64-debian-gcc, r-devel-linux-x86_64-fedora-clang, r-devel-linux-x86_64-fedora-gcc, r-release-linux-x86_64

Version: 1.2.4
Check: re-building of vignette outputs
Result: ERROR Error(s) in re-building vignettes: ... --- re-building ‘synthesis.Rmd’ using rmarkdown Quitting from lines 89-122 [mod1] (synthesis.Rmd) Error: processing vignette 'synthesis.Rmd' failed with diagnostics: there is no package called 'NPRED' --- failed re-building ‘synthesis.Rmd’ SUMMARY: processing the following file failed: ‘synthesis.Rmd’ Error: Vignette re-building failed. Execution halted Flavors: r-devel-linux-x86_64-debian-clang, r-devel-linux-x86_64-debian-gcc, r-release-linux-x86_64

Version: 1.2.4
Check: re-building of vignette outputs
Result: ERROR Error(s) in re-building vignettes: --- re-building ‘synthesis.Rmd’ using rmarkdown Quitting from lines 89-122 [mod1] (synthesis.Rmd) Error: processing vignette 'synthesis.Rmd' failed with diagnostics: there is no package called 'NPRED' --- failed re-building ‘synthesis.Rmd’ SUMMARY: processing the following file failed: ‘synthesis.Rmd’ Error: Vignette re-building failed. Execution halted Flavors: r-devel-linux-x86_64-fedora-clang, r-devel-linux-x86_64-fedora-gcc