CRAN Package Check Results for Package takos

Last updated on 2024-06-05 00:49:00 CEST.

Flavor Version Tinstall Tcheck Ttotal Status Flags
r-devel-linux-x86_64-debian-clang 0.2.0 7.37 69.29 76.66 NOTE
r-devel-linux-x86_64-debian-gcc 0.2.0 6.53 51.00 57.53 NOTE
r-devel-linux-x86_64-fedora-clang 0.2.0 98.64 NOTE
r-devel-linux-x86_64-fedora-gcc 0.2.0 89.63 NOTE
r-devel-windows-x86_64 0.2.0 8.00 76.00 84.00 NOTE
r-patched-linux-x86_64 0.2.0 5.42 66.34 71.76 NOTE
r-release-linux-x86_64 0.2.0 5.72 64.34 70.06 NOTE
r-release-macos-arm64 0.2.0 30.00 NOTE
r-release-windows-x86_64 0.2.0 8.00 78.00 86.00 NOTE
r-oldrel-macos-arm64 0.2.0 33.00 NOTE
r-oldrel-macos-x86_64 0.2.0 47.00 NOTE
r-oldrel-windows-x86_64 0.2.0 9.00 87.00 96.00 NOTE

Check Details

Version: 0.2.0
Check: LazyData
Result: NOTE 'LazyData' is specified without a 'data' directory Flavors: r-devel-linux-x86_64-debian-clang, r-devel-linux-x86_64-debian-gcc, r-devel-linux-x86_64-fedora-clang, r-devel-linux-x86_64-fedora-gcc, r-devel-windows-x86_64, r-patched-linux-x86_64, r-release-linux-x86_64, r-release-macos-arm64, r-release-windows-x86_64, r-oldrel-macos-arm64, r-oldrel-macos-x86_64, r-oldrel-windows-x86_64

Version: 0.2.0
Check: dependencies in R code
Result: NOTE Namespaces in Imports field not imported from: ‘MASS’ ‘devEMF’ ‘segmented’ ‘smoother’ ‘tools’ All declared Imports should be used. Flavors: r-devel-linux-x86_64-fedora-clang, r-devel-linux-x86_64-fedora-gcc