CRAN Package Check Results for Package telegram.bot

Last updated on 2024-07-12 17:55:22 CEST.

Flavor Version Tinstall Tcheck Ttotal Status Flags
r-devel-linux-x86_64-debian-clang 3.0.0 15.73 64.35 80.08 NOTE
r-devel-linux-x86_64-debian-gcc 3.0.0 11.34 49.22 60.56 NOTE
r-devel-linux-x86_64-fedora-clang 3.0.0 103.99 NOTE
r-devel-linux-x86_64-fedora-gcc 3.0.0 109.31 NOTE
r-devel-windows-x86_64 3.0.0 13.00 84.00 97.00 NOTE
r-patched-linux-x86_64 3.0.0 19.31 62.55 81.86 NOTE
r-release-linux-x86_64 3.0.0 11.38 63.51 74.89 NOTE
r-release-macos-arm64 3.0.0 39.00 NOTE
r-release-macos-x86_64 3.0.0 59.00 NOTE
r-release-windows-x86_64 3.0.0 12.00 83.00 95.00 NOTE
r-oldrel-macos-arm64 3.0.0 39.00 OK
r-oldrel-macos-x86_64 3.0.0 60.00 OK
r-oldrel-windows-x86_64 3.0.0 17.00 90.00 107.00 OK

Check Details

Version: 3.0.0
Check: Rd files
Result: NOTE checkRd: (-1) sendChatAction.Rd:16: Lost braces in \itemize; meant \describe ? checkRd: (-1) sendChatAction.Rd:17: Lost braces in \itemize; meant \describe ? checkRd: (-1) sendChatAction.Rd:18: Lost braces in \itemize; meant \describe ? checkRd: (-1) sendChatAction.Rd:19: Lost braces in \itemize; meant \describe ? checkRd: (-1) sendChatAction.Rd:20: Lost braces in \itemize; meant \describe ? checkRd: (-1) sendChatAction.Rd:21: Lost braces in \itemize; meant \describe ? checkRd: (-1) sendChatAction.Rd:22: Lost braces in \itemize; meant \describe ? checkRd: (-1) sendChatAction.Rd:23: Lost braces in \itemize; meant \describe ? checkRd: (-1) sendChatAction.Rd:24: Lost braces in \itemize; meant \describe ? checkRd: (-1) sendChatAction.Rd:25: Lost braces in \itemize; meant \describe ? Flavors: r-devel-linux-x86_64-debian-clang, r-devel-linux-x86_64-debian-gcc, r-devel-linux-x86_64-fedora-clang, r-devel-linux-x86_64-fedora-gcc, r-devel-windows-x86_64, r-patched-linux-x86_64, r-release-linux-x86_64, r-release-macos-arm64, r-release-macos-x86_64, r-release-windows-x86_64

Version: 3.0.0
Check: Rd cross-references
Result: NOTE Found the following Rd file(s) with Rd \link{} targets missing package anchors: Bot.Rd: R6Class CallbackQueryHandler.Rd: R6Class CommandHandler.Rd: R6Class Dispatcher.Rd: R6Class ErrorHandler.Rd: R6Class Handler.Rd: R6Class MessageHandler.Rd: R6Class TelegramObject.Rd: R6Class Update.Rd: R6Class Updater.Rd: R6Class Webhook.Rd: R6Class Please provide package anchors for all Rd \link{} targets not in the package itself and the base packages. Flavor: r-devel-windows-x86_64