CRAN Package Check Results for Package terrainr

Last updated on 2024-07-18 00:55:08 CEST.

Flavor Version Tinstall Tcheck Ttotal Status Flags
r-devel-linux-x86_64-debian-clang 0.7.5 6.27 65.97 72.24 OK
r-devel-linux-x86_64-debian-gcc 0.7.5 4.94 48.58 53.52 OK
r-devel-linux-x86_64-fedora-clang 0.7.5 88.57 OK
r-devel-linux-x86_64-fedora-gcc 0.7.5 95.51 OK
r-devel-windows-x86_64 0.7.5 8.00 71.00 79.00 NOTE
r-patched-linux-x86_64 0.7.5 9.32 63.34 72.66 OK
r-release-linux-x86_64 0.7.5 5.89 62.43 68.32 OK
r-release-macos-arm64 0.7.5 38.00 OK
r-release-macos-x86_64 0.7.5 56.00 OK
r-release-windows-x86_64 0.7.5 8.00 73.00 81.00 OK
r-oldrel-macos-arm64 0.7.5 99.00 OK
r-oldrel-macos-x86_64 0.7.5 77.00 OK
r-oldrel-windows-x86_64 0.7.5 8.00 80.00 88.00 OK

Check Details

Version: 0.7.5
Check: Rd cross-references
Result: NOTE Found the following Rd file(s) with Rd \link{} targets missing package anchors: geom_spatial_rgb.Rd: ggplot2 Please provide package anchors for all Rd \link{} targets not in the package itself and the base packages. Flavor: r-devel-windows-x86_64