CRAN Package Check Results for Package testcorr

Last updated on 2024-07-17 08:55:25 CEST.

Flavor Version Tinstall Tcheck Ttotal Status Flags
r-devel-linux-x86_64-debian-clang 0.2.0 8.08 79.85 87.93 OK
r-devel-linux-x86_64-debian-gcc 0.2.0 5.97 60.90 66.87 OK
r-devel-linux-x86_64-fedora-clang 0.2.0 130.68 NOTE
r-devel-linux-x86_64-fedora-gcc 0.2.0 134.20 NOTE
r-devel-windows-x86_64 0.2.0 9.00 98.00 107.00 OK
r-patched-linux-x86_64 0.2.0 4.51 76.27 80.78 OK
r-release-linux-x86_64 0.2.0 6.74 78.07 84.81 OK
r-release-macos-arm64 0.2.0 66.00 OK
r-release-macos-x86_64 0.2.0 90.00 OK
r-release-windows-x86_64 0.2.0 7.00 100.00 107.00 OK
r-oldrel-macos-arm64 0.2.0 52.00 OK
r-oldrel-macos-x86_64 0.2.0 89.00 OK
r-oldrel-windows-x86_64 0.2.0 8.00 99.00 107.00 OK

Check Details

Version: 0.2.0
Check: for detritus in the temp directory
Result: NOTE Found the following files/directories: ‘par-7269706c6579’ Flavors: r-devel-linux-x86_64-fedora-clang, r-devel-linux-x86_64-fedora-gcc