CRAN Package Check Results for Package text

Last updated on 2024-07-22 16:57:28 CEST.

Flavor Version Tinstall Tcheck Ttotal Status Flags
r-devel-linux-x86_64-debian-clang 1.2.1 26.91 217.85 244.76 OK
r-devel-linux-x86_64-debian-gcc 1.2.1 20.43 160.00 180.43 OK
r-devel-linux-x86_64-fedora-clang 1.2.1 311.10 NOTE
r-devel-linux-x86_64-fedora-gcc 1.2.1 299.86 NOTE
r-devel-windows-x86_64 1.2.1 22.00 183.00 205.00 OK
r-patched-linux-x86_64 1.2.1 16.71 204.21 220.92 OK
r-release-linux-x86_64 1.2.1 16.10 209.60 225.70 OK
r-release-macos-arm64 1.2.1 92.00 OK
r-release-macos-x86_64 1.2.1 126.00 OK
r-release-windows-x86_64 1.2.1 21.00 181.00 202.00 OK
r-oldrel-macos-arm64 1.2.1 112.00 OK
r-oldrel-macos-x86_64 1.2.1 224.00 OK
r-oldrel-windows-x86_64 1.2.1 33.00 220.00 253.00 OK

Check Details

Version: 1.2.1
Check: data for non-ASCII characters
Result: NOTE Note: found 3 marked UTF-8 strings Flavors: r-devel-linux-x86_64-fedora-clang, r-devel-linux-x86_64-fedora-gcc