CRAN Package Check Results for Package tfarima

Last updated on 2024-06-05 00:49:00 CEST.

Flavor Version Tinstall Tcheck Ttotal Status Flags
r-devel-linux-x86_64-debian-clang 0.3.2 215.47 81.76 297.23 NOTE
r-devel-linux-x86_64-debian-gcc 0.3.2 154.57 56.91 211.48 NOTE
r-devel-linux-x86_64-fedora-clang 0.3.2 468.08 NOTE
r-devel-linux-x86_64-fedora-gcc 0.3.2 478.82 NOTE
r-devel-windows-x86_64 0.3.2 177.00 112.00 289.00 NOTE
r-patched-linux-x86_64 0.3.2 186.03 77.75 263.78 NOTE
r-release-linux-x86_64 0.3.2 185.48 74.91 260.39 NOTE
r-release-macos-arm64 0.3.2 76.00 NOTE
r-release-windows-x86_64 0.3.2 174.00 172.00 346.00 NOTE
r-oldrel-macos-arm64 0.3.2 94.00 NOTE
r-oldrel-macos-x86_64 0.3.2 178.00 NOTE
r-oldrel-windows-x86_64 0.3.2 218.00 131.00 349.00 NOTE

Check Details

Version: 0.3.2
Check: C++ specification
Result: NOTE Specified C++11: please drop specification unless essential Flavors: r-devel-linux-x86_64-debian-clang, r-devel-linux-x86_64-debian-gcc, r-devel-linux-x86_64-fedora-clang, r-devel-linux-x86_64-fedora-gcc, r-devel-windows-x86_64, r-patched-linux-x86_64, r-release-linux-x86_64, r-release-macos-arm64, r-release-windows-x86_64, r-oldrel-macos-arm64, r-oldrel-macos-x86_64, r-oldrel-windows-x86_64

Version: 0.3.2
Check: installed package size
Result: NOTE installed size is 6.9Mb sub-directories of 1Mb or more: libs 6.1Mb Flavors: r-release-macos-arm64, r-oldrel-macos-arm64, r-oldrel-macos-x86_64