CRAN Package Check Results for Package theiaR

Last updated on 2024-07-20 16:49:18 CEST.

Flavor Version Tinstall Tcheck Ttotal Status Flags
r-devel-linux-x86_64-debian-clang 0.4.0 5.96 43.23 49.19 NOTE
r-devel-linux-x86_64-debian-gcc 0.4.0 5.03 31.93 36.96 NOTE
r-devel-linux-x86_64-fedora-clang 0.4.0 65.18 NOTE
r-devel-linux-x86_64-fedora-gcc 0.4.0 69.57 NOTE
r-devel-windows-x86_64 0.4.0 6.00 52.00 58.00 NOTE
r-patched-linux-x86_64 0.4.0 5.33 40.01 45.34 NOTE
r-release-linux-x86_64 0.4.0 5.46 40.78 46.24 NOTE
r-release-macos-arm64 0.4.0 26.00 NOTE
r-release-macos-x86_64 0.4.0 40.00 NOTE
r-release-windows-x86_64 0.4.0 6.00 54.00 60.00 NOTE
r-oldrel-macos-arm64 0.4.0 30.00 NOTE
r-oldrel-macos-x86_64 0.4.0 44.00 NOTE
r-oldrel-windows-x86_64 0.4.0 8.00 56.00 64.00 NOTE

Check Details

Version: 0.4.0
Check: LazyData
Result: NOTE 'LazyData' is specified without a 'data' directory Flavors: r-devel-linux-x86_64-debian-clang, r-devel-linux-x86_64-debian-gcc, r-devel-linux-x86_64-fedora-clang, r-devel-linux-x86_64-fedora-gcc, r-devel-windows-x86_64, r-patched-linux-x86_64, r-release-linux-x86_64, r-release-macos-arm64, r-release-macos-x86_64, r-release-windows-x86_64, r-oldrel-macos-arm64, r-oldrel-macos-x86_64, r-oldrel-windows-x86_64