CRAN Package Check Results for Package tidyhte

Last updated on 2024-07-22 16:57:28 CEST.

Flavor Version Tinstall Tcheck Ttotal Status Flags
r-devel-linux-x86_64-debian-clang 1.0.2 21.81 669.85 691.66 OK
r-devel-linux-x86_64-debian-gcc 1.0.2 17.05 472.36 489.41 NOTE
r-devel-linux-x86_64-fedora-clang 1.0.2 832.34 OK
r-devel-linux-x86_64-fedora-gcc 1.0.2 796.45 OK
r-devel-windows-x86_64 1.0.2 21.00 422.00 443.00 NOTE
r-patched-linux-x86_64 1.0.2 22.32 622.05 644.37 OK
r-release-linux-x86_64 1.0.2 20.02 641.32 661.34 OK
r-release-macos-arm64 1.0.2 193.00 OK
r-release-macos-x86_64 1.0.2 320.00 OK
r-release-windows-x86_64 1.0.2 19.00 423.00 442.00 OK
r-oldrel-macos-arm64 1.0.2 205.00 OK
r-oldrel-macos-x86_64 1.0.2 535.00 NOTE
r-oldrel-windows-x86_64 1.0.2 24.00 558.00 582.00 OK

Check Details

Version: 1.0.2
Check: Rd cross-references
Result: NOTE Found the following Rd file(s) with Rd \link{} targets missing package anchors: predict.SL.glmnet.interaction.Rd: SL.glmnet Please provide package anchors for all Rd \link{} targets not in the package itself and the base packages. Flavors: r-devel-linux-x86_64-debian-gcc, r-devel-windows-x86_64

Version: 1.0.2
Check: package dependencies
Result: NOTE Package suggested but not available for checking: ‘ggplot2’ Flavor: r-oldrel-macos-x86_64