CRAN Package Check Results for Package tidyquant

Last updated on 2024-07-22 16:57:28 CEST.

Flavor Version Tinstall Tcheck Ttotal Status Flags
r-devel-linux-x86_64-debian-clang 1.0.7 12.02 276.43 288.45 OK
r-devel-linux-x86_64-debian-gcc 1.0.7 10.19 207.96 218.15 NOTE
r-devel-linux-x86_64-fedora-clang 1.0.7 371.69 NOTE
r-devel-linux-x86_64-fedora-gcc 1.0.7 369.15 NOTE
r-devel-windows-x86_64 1.0.7 12.00 211.00 223.00 NOTE
r-patched-linux-x86_64 1.0.7 19.39 266.04 285.43 OK
r-release-linux-x86_64 1.0.7 8.54 261.73 270.27 OK
r-release-macos-arm64 1.0.7 129.00 NOTE
r-release-macos-x86_64 1.0.7 216.00 OK
r-release-windows-x86_64 1.0.7 12.00 214.00 226.00 OK
r-oldrel-macos-arm64 1.0.7 144.00 NOTE
r-oldrel-macos-x86_64 1.0.7 206.00 OK
r-oldrel-windows-x86_64 1.0.7 16.00 254.00 270.00 OK

Check Details

Version: 1.0.7
Check: Rd cross-references
Result: NOTE Found the following Rd file(s) with Rd \link{} targets missing package anchors: scale_manual.Rd: discrete_scale Please provide package anchors for all Rd \link{} targets not in the package itself and the base packages. Flavors: r-devel-linux-x86_64-debian-gcc, r-devel-windows-x86_64

Version: 1.0.7
Check: package dependencies
Result: NOTE Imports includes 23 non-default packages. Importing from so many packages makes the package vulnerable to any of them becoming unavailable. Move as many as possible to Suggests and use conditionally. Flavor: r-devel-linux-x86_64-fedora-clang

Version: 1.0.7
Check: dependencies in R code
Result: NOTE Namespace in Imports field not imported from: ‘tidyverse’ All declared Imports should be used. Flavors: r-devel-linux-x86_64-fedora-clang, r-devel-linux-x86_64-fedora-gcc

Version: 1.0.7
Check: package dependencies
Result: NOTE Package suggested but not available for checking: ‘Rblpapi’ Flavors: r-release-macos-arm64, r-oldrel-macos-arm64

Version: 1.0.7
Check: Rd cross-references
Result: NOTE Package unavailable to check Rd xrefs: ‘Rblpapi’ Flavors: r-release-macos-arm64, r-oldrel-macos-arm64