CRAN Package Check Results for Package tint

Last updated on 2024-07-24 16:54:04 CEST.

Flavor Version Tinstall Tcheck Ttotal Status Flags
r-devel-linux-x86_64-debian-clang 0.1.4 3.91 57.77 61.68 OK
r-devel-linux-x86_64-debian-gcc 0.1.4 2.97 45.30 48.27 NOTE
r-devel-linux-x86_64-fedora-clang 0.1.4 80.87 OK
r-devel-linux-x86_64-fedora-gcc 0.1.4 94.22 OK
r-devel-windows-x86_64 0.1.4 6.00 89.00 95.00 NOTE
r-patched-linux-x86_64 0.1.4 8.27 56.79 65.06 OK
r-release-linux-x86_64 0.1.4 3.49 56.65 60.14 OK
r-release-macos-arm64 0.1.4 40.00 OK
r-release-macos-x86_64 0.1.4 55.00 OK
r-release-windows-x86_64 0.1.4 5.00 89.00 94.00 OK
r-oldrel-macos-arm64 0.1.4 39.00 OK
r-oldrel-macos-x86_64 0.1.4 54.00 OK
r-oldrel-windows-x86_64 0.1.4 5.00 87.00 92.00 OK

Check Details

Version: 0.1.4
Check: Rd cross-references
Result: NOTE Found the following Rd file(s) with Rd \link{} targets missing package anchors: tintHtml.Rd: pdf_document, html_document Please provide package anchors for all Rd \link{} targets not in the package itself and the base packages. Flavors: r-devel-linux-x86_64-debian-gcc, r-devel-windows-x86_64