CRAN Package Check Results for Package tmpm

Last updated on 2024-07-19 09:57:31 CEST.

Flavor Version Tinstall Tcheck Ttotal Status Flags
r-devel-linux-x86_64-debian-clang 1.0.3 4.48 34.67 39.15 NOTE
r-devel-linux-x86_64-debian-gcc 1.0.3 2.90 26.55 29.45 NOTE
r-devel-linux-x86_64-fedora-clang 1.0.3 47.97 NOTE
r-devel-linux-x86_64-fedora-gcc 1.0.3 44.81 NOTE
r-devel-windows-x86_64 1.0.3 5.00 47.00 52.00 NOTE
r-patched-linux-x86_64 1.0.3 3.92 33.15 37.07 NOTE
r-release-linux-x86_64 1.0.3 3.48 33.02 36.50 NOTE
r-release-macos-arm64 1.0.3 18.00 NOTE
r-release-macos-x86_64 1.0.3 27.00 NOTE
r-release-windows-x86_64 1.0.3 5.00 46.00 51.00 NOTE
r-oldrel-macos-arm64 1.0.3 19.00 NOTE
r-oldrel-macos-x86_64 1.0.3 26.00 NOTE
r-oldrel-windows-x86_64 1.0.3 6.00 51.00 57.00 NOTE

Check Details

Version: 1.0.3
Check: LazyData
Result: NOTE 'LazyData' is specified without a 'data' directory Flavors: r-devel-linux-x86_64-debian-clang, r-devel-linux-x86_64-debian-gcc, r-devel-linux-x86_64-fedora-clang, r-devel-linux-x86_64-fedora-gcc, r-devel-windows-x86_64, r-patched-linux-x86_64, r-release-linux-x86_64, r-release-macos-arm64, r-release-macos-x86_64, r-release-windows-x86_64, r-oldrel-macos-arm64, r-oldrel-macos-x86_64, r-oldrel-windows-x86_64