CRAN Package Check Results for Package tmvmixnorm

Last updated on 2024-06-20 08:55:01 CEST.

Flavor Version Tinstall Tcheck Ttotal Status Flags
r-devel-linux-x86_64-debian-clang 1.1.1 3.11 28.40 31.51 NOTE
r-devel-linux-x86_64-debian-gcc 1.1.1 2.26 22.27 24.53 NOTE
r-devel-linux-x86_64-fedora-clang 1.1.1 38.97 NOTE
r-devel-linux-x86_64-fedora-gcc 1.1.1 37.27 NOTE
r-devel-windows-x86_64 1.1.1 4.00 43.00 47.00 NOTE
r-patched-linux-x86_64 1.1.1 3.02 26.95 29.97 NOTE
r-release-linux-x86_64 1.1.1 2.90 26.61 29.51 NOTE
r-release-macos-arm64 1.1.1 15.00 NOTE
r-release-macos-x86_64 1.1.1 23.00 NOTE
r-release-windows-x86_64 1.1.1 4.00 43.00 47.00 NOTE
r-oldrel-macos-arm64 1.1.1 16.00 NOTE
r-oldrel-macos-x86_64 1.1.1 22.00 NOTE
r-oldrel-windows-x86_64 1.1.1 4.00 44.00 48.00 NOTE

Check Details

Version: 1.1.1
Check: LazyData
Result: NOTE 'LazyData' is specified without a 'data' directory Flavors: r-devel-linux-x86_64-debian-clang, r-devel-linux-x86_64-debian-gcc, r-devel-linux-x86_64-fedora-clang, r-devel-linux-x86_64-fedora-gcc, r-devel-windows-x86_64, r-patched-linux-x86_64, r-release-linux-x86_64, r-release-macos-arm64, r-release-macos-x86_64, r-release-windows-x86_64, r-oldrel-macos-arm64, r-oldrel-macos-x86_64, r-oldrel-windows-x86_64