CRAN Package Check Results for Package tracerer

Last updated on 2024-07-17 08:55:25 CEST.

Flavor Version Tinstall Tcheck Ttotal Status Flags
r-devel-linux-x86_64-debian-clang 2.2.3 16.67 47.55 64.22 NOTE
r-devel-linux-x86_64-debian-gcc 2.2.3 9.91 35.03 44.94 NOTE
r-devel-linux-x86_64-fedora-clang 2.2.3 91.84 NOTE
r-devel-linux-x86_64-fedora-gcc 2.2.3 91.83 NOTE
r-devel-windows-x86_64 2.2.3 14.00 81.00 95.00 NOTE
r-patched-linux-x86_64 2.2.3 13.31 45.52 58.83 NOTE
r-release-linux-x86_64 2.2.3 12.47 45.75 58.22 NOTE
r-release-macos-arm64 2.2.3 32.00 NOTE
r-release-macos-x86_64 2.2.3 57.00 NOTE
r-release-windows-x86_64 2.2.3 15.00 80.00 95.00 NOTE
r-oldrel-macos-arm64 2.2.3 104.00 OK
r-oldrel-macos-x86_64 2.2.3 105.00 OK
r-oldrel-windows-x86_64 2.2.3 16.00 93.00 109.00 OK

Check Details

Version: 2.2.3
Check: Rd files
Result: NOTE checkRd: (-1) parse_beast_output_files.Rd:23: Lost braces 23 | item{\code{estimates}: parameter estimates} | ^ checkRd: (-1) parse_beast_output_files.Rd:24-28: Lost braces 24 | item{ | ^ checkRd: (-1) parse_beast_output_files.Rd:29-31: Lost braces 29 | item{\code{operators}: the BEAST2 MCMC operator | ^ checkRd: (-1) parse_beast_posterior.Rd:28: Lost braces 28 | item{\code{estimates}: parameter estimates} | ^ checkRd: (-1) parse_beast_posterior.Rd:29-33: Lost braces 29 | item{ | ^ Flavors: r-devel-linux-x86_64-debian-clang, r-devel-linux-x86_64-debian-gcc, r-devel-linux-x86_64-fedora-clang, r-devel-linux-x86_64-fedora-gcc, r-devel-windows-x86_64, r-patched-linux-x86_64, r-release-linux-x86_64, r-release-macos-arm64, r-release-macos-x86_64, r-release-windows-x86_64