CRAN Package Check Results for Package triact

Last updated on 2024-07-21 00:56:32 CEST.

Flavor Version Tinstall Tcheck Ttotal Status Flags
r-devel-linux-x86_64-debian-clang 0.3.0 7.50 71.14 78.64 OK
r-devel-linux-x86_64-debian-gcc 0.3.0 6.55 55.10 61.65 OK
r-devel-linux-x86_64-fedora-clang 0.3.0 101.82 NOTE
r-devel-linux-x86_64-fedora-gcc 0.3.0 107.26 OK
r-devel-windows-x86_64 0.3.0 8.00 86.00 94.00 NOTE
r-patched-linux-x86_64 0.3.0 9.79 69.34 79.13 OK
r-release-linux-x86_64 0.3.0 6.23 70.81 77.04 OK
r-release-macos-arm64 0.3.0 41.00 NOTE
r-release-macos-x86_64 0.3.0 67.00 NOTE
r-release-windows-x86_64 0.3.0 7.00 85.00 92.00 NOTE
r-oldrel-macos-arm64 0.3.0 44.00 NOTE
r-oldrel-macos-x86_64 0.3.0 113.00 NOTE
r-oldrel-windows-x86_64 0.3.0 10.00 94.00 104.00 NOTE

Check Details

Version: 0.3.0
Check: installed package size
Result: NOTE installed size is 17.6Mb sub-directories of 1Mb or more: data 1.2Mb doc 1.3Mb extdata 14.8Mb Flavors: r-devel-linux-x86_64-fedora-clang, r-devel-windows-x86_64, r-release-macos-arm64, r-release-macos-x86_64, r-release-windows-x86_64, r-oldrel-macos-arm64, r-oldrel-macos-x86_64, r-oldrel-windows-x86_64

Version: 0.3.0
Check: Rd cross-references
Result: NOTE Found the following Rd file(s) with Rd \link{} targets missing package anchors: Triact.Rd: fread, floor_date Please provide package anchors for all Rd \link{} targets not in the package itself and the base packages. Flavor: r-devel-windows-x86_64