CRAN Package Check Results for Package tseries

Last updated on 2024-06-16 00:58:34 CEST.

Flavor Version Tinstall Tcheck Ttotal Status Flags
r-devel-linux-x86_64-debian-clang 0.10-56 12.16 58.69 70.85 OK
r-devel-linux-x86_64-debian-gcc 0.10-56 7.07 43.40 50.47 OK
r-devel-linux-x86_64-fedora-clang 0.10-56 85.24 NOTE
r-devel-linux-x86_64-fedora-gcc 0.10-56 81.47 NOTE
r-devel-windows-x86_64 0.10-56 15.00 75.00 90.00 OK
r-patched-linux-x86_64 0.10-56 11.49 54.99 66.48 OK
r-release-linux-x86_64 0.10-56 9.03 54.14 63.17 OK
r-release-macos-arm64 0.10-56 38.00 OK
r-release-macos-x86_64 0.10-56 49.00 OK
r-release-windows-x86_64 0.10-56 14.00 76.00 90.00 OK
r-oldrel-macos-arm64 0.10-56 36.00 OK
r-oldrel-macos-x86_64 0.10-56 71.00 OK
r-oldrel-windows-x86_64 0.10-56 16.00 87.00 103.00 OK

Check Details

Version: 0.10-56
Check: dependencies in R code
Result: NOTE Namespace in Imports field not imported from: ‘jsonlite’ All declared Imports should be used. Flavors: r-devel-linux-x86_64-fedora-clang, r-devel-linux-x86_64-fedora-gcc