CRAN Package Check Results for Package twitteR

Last updated on 2024-07-16 16:53:04 CEST.

Flavor Version Tinstall Tcheck Ttotal Status Flags
r-devel-linux-x86_64-debian-clang 1.1.9 7.94 47.36 55.30 NOTE
r-devel-linux-x86_64-debian-gcc 1.1.9 6.68 34.98 41.66 NOTE
r-devel-linux-x86_64-fedora-clang 1.1.9 72.26 NOTE
r-devel-linux-x86_64-fedora-gcc 1.1.9 65.10 NOTE
r-devel-windows-x86_64 1.1.9 9.00 59.00 68.00 NOTE
r-patched-linux-x86_64 1.1.9 12.76 43.81 56.57 NOTE
r-release-linux-x86_64 1.1.9 7.44 45.91 53.35 NOTE
r-release-macos-arm64 1.1.9 23.00 NOTE
r-release-macos-x86_64 1.1.9 35.00 NOTE
r-release-windows-x86_64 1.1.9 8.00 60.00 68.00 NOTE
r-oldrel-macos-arm64 1.1.9 29.00 NOTE
r-oldrel-macos-x86_64 1.1.9 36.00 NOTE
r-oldrel-windows-x86_64 1.1.9 11.00 66.00 77.00 NOTE

Check Details

Version: 1.1.9
Check: LazyData
Result: NOTE 'LazyData' is specified without a 'data' directory Flavors: r-devel-linux-x86_64-debian-clang, r-devel-linux-x86_64-debian-gcc, r-devel-linux-x86_64-fedora-clang, r-devel-linux-x86_64-fedora-gcc, r-devel-windows-x86_64, r-patched-linux-x86_64, r-release-linux-x86_64, r-release-macos-arm64, r-release-macos-x86_64, r-release-windows-x86_64, r-oldrel-macos-arm64, r-oldrel-macos-x86_64, r-oldrel-windows-x86_64

Version: 1.1.9
Check: Rd cross-references
Result: NOTE Found the following Rd file(s) with Rd \link{} targets missing package anchors: getUser.Rd: GET search.Rd: GET search_twitter_and_store.Rd: GET setup_twitter_oauth.Rd: Token, GET, POST showStatus.Rd: GET, POST timelines.Rd: GET updateStatus.Rd: GET use_oauth_token.Rd: Token Please provide package anchors for all Rd \link{} targets not in the package itself and the base packages. Flavor: r-devel-windows-x86_64