CRAN Package Check Results for Package twitterwidget

Last updated on 2024-07-14 08:48:37 CEST.

Flavor Version Tinstall Tcheck Ttotal Status Flags
r-devel-linux-x86_64-debian-clang 0.1.1 3.18 29.32 32.50 NOTE
r-devel-linux-x86_64-debian-gcc 0.1.1 2.31 22.75 25.06 NOTE
r-devel-linux-x86_64-fedora-clang 0.1.1 40.96 NOTE
r-devel-linux-x86_64-fedora-gcc 0.1.1 37.49 NOTE
r-devel-windows-x86_64 0.1.1 5.00 49.00 54.00 NOTE
r-patched-linux-x86_64 0.1.1 2.53 27.02 29.55 NOTE
r-release-linux-x86_64 0.1.1 2.10 27.78 29.88 NOTE
r-release-macos-arm64 0.1.1 17.00 NOTE
r-release-macos-x86_64 0.1.1 25.00 NOTE
r-release-windows-x86_64 0.1.1 4.00 50.00 54.00 NOTE
r-oldrel-macos-arm64 0.1.1 18.00 NOTE
r-oldrel-macos-x86_64 0.1.1 23.00 NOTE
r-oldrel-windows-x86_64 0.1.1 4.00 51.00 55.00 NOTE

Check Details

Version: 0.1.1
Check: LazyData
Result: NOTE 'LazyData' is specified without a 'data' directory Flavors: r-devel-linux-x86_64-debian-clang, r-devel-linux-x86_64-debian-gcc, r-devel-linux-x86_64-fedora-clang, r-devel-linux-x86_64-fedora-gcc, r-devel-windows-x86_64, r-patched-linux-x86_64, r-release-linux-x86_64, r-release-macos-arm64, r-release-macos-x86_64, r-release-windows-x86_64, r-oldrel-macos-arm64, r-oldrel-macos-x86_64, r-oldrel-windows-x86_64