CRAN Package Check Results for Package udpipe

Last updated on 2024-07-16 00:56:15 CEST.

Flavor Version Tinstall Tcheck Ttotal Status Flags
r-devel-linux-x86_64-debian-clang 0.8.11 155.27 372.61 527.88 NOTE
r-devel-linux-x86_64-debian-gcc 0.8.11 131.71 304.95 436.66 NOTE
r-devel-linux-x86_64-fedora-clang 0.8.11 673.72 NOTE
r-devel-linux-x86_64-fedora-gcc 0.8.11 793.38 NOTE
r-devel-windows-x86_64 0.8.11 125.00 361.00 486.00 NOTE
r-patched-linux-x86_64 0.8.11 152.53 406.28 558.81 NOTE
r-release-linux-x86_64 0.8.11 147.29 415.08 562.37 NOTE
r-release-macos-arm64 0.8.11 222.00 NOTE
r-release-macos-x86_64 0.8.11 287.00 NOTE
r-release-windows-x86_64 0.8.11 120.00 368.00 488.00 NOTE
r-oldrel-macos-arm64 0.8.11 254.00 NOTE
r-oldrel-macos-x86_64 0.8.11 373.00 NOTE
r-oldrel-windows-x86_64 0.8.11 113.00 434.00 547.00 NOTE

Check Details

Version: 0.8.11
Check: C++ specification
Result: NOTE Specified C++11: please drop specification unless essential Flavors: r-devel-linux-x86_64-debian-clang, r-devel-linux-x86_64-debian-gcc, r-devel-linux-x86_64-fedora-clang, r-devel-linux-x86_64-fedora-gcc, r-devel-windows-x86_64, r-patched-linux-x86_64, r-release-linux-x86_64, r-release-macos-arm64, r-release-macos-x86_64, r-release-windows-x86_64, r-oldrel-macos-arm64, r-oldrel-macos-x86_64, r-oldrel-windows-x86_64

Version: 0.8.11
Check: Rd files
Result: NOTE checkRd: (-1) predict.LDA.Rd:50-56: Lost braces in \itemize; \value handles \item{}{} directly checkRd: (-1) predict.LDA.Rd:57-58: Lost braces in \itemize; \value handles \item{}{} directly checkRd: (-1) txt_tagsequence.Rd:14: Lost braces in \itemize; meant \describe ? checkRd: (-1) txt_tagsequence.Rd:15-16: Lost braces in \itemize; meant \describe ? checkRd: (-1) udpipe.Rd:12: Lost braces in \itemize; meant \describe ? checkRd: (-1) udpipe.Rd:13: Lost braces in \itemize; meant \describe ? checkRd: (-1) udpipe.Rd:14: Lost braces in \itemize; meant \describe ? checkRd: (-1) udpipe.Rd:36: Lost braces in \itemize; \value handles \item{}{} directly checkRd: (-1) udpipe.Rd:37: Lost braces in \itemize; \value handles \item{}{} directly checkRd: (-1) udpipe.Rd:38: Lost braces in \itemize; \value handles \item{}{} directly checkRd: (-1) udpipe.Rd:39: Lost braces in \itemize; \value handles \item{}{} directly checkRd: (-1) udpipe.Rd:40: Lost braces in \itemize; \value handles \item{}{} directly checkRd: (-1) udpipe.Rd:41: Lost braces in \itemize; \value handles \item{}{} directly checkRd: (-1) udpipe.Rd:42: Lost braces in \itemize; \value handles \item{}{} directly checkRd: (-1) udpipe.Rd:43: Lost braces in \itemize; \value handles \item{}{} directly checkRd: (-1) udpipe.Rd:44: Lost braces in \itemize; \value handles \item{}{} directly checkRd: (-1) udpipe.Rd:45: Lost braces in \itemize; \value handles \item{}{} directly checkRd: (-1) udpipe.Rd:46: Lost braces in \itemize; \value handles \item{}{} directly checkRd: (-1) udpipe.Rd:47: Lost braces in \itemize; \value handles \item{}{} directly checkRd: (-1) udpipe.Rd:48: Lost braces in \itemize; \value handles \item{}{} directly checkRd: (-1) udpipe.Rd:49: Lost braces in \itemize; \value handles \item{}{} directly checkRd: (-1) udpipe.Rd:50: Lost braces in \itemize; \value handles \item{}{} directly checkRd: (-1) udpipe.Rd:51: Lost braces in \itemize; \value handles \item{}{} directly checkRd: (-1) udpipe.Rd:52: Lost braces in \itemize; \value handles \item{}{} directly checkRd: (-1) udpipe_accuracy.Rd:29: Lost braces in \itemize; \value handles \item{}{} directly checkRd: (-1) udpipe_accuracy.Rd:30: Lost braces in \itemize; \value handles \item{}{} directly checkRd: (-1) udpipe_annotate.Rd:51: Lost braces in \itemize; \value handles \item{}{} directly checkRd: (-1) udpipe_annotate.Rd:52-53: Lost braces in \itemize; \value handles \item{}{} directly checkRd: (-1) udpipe_annotate.Rd:54: Lost braces in \itemize; \value handles \item{}{} directly checkRd: (-1) udpipe_download_model.Rd:84: Lost braces in \itemize; \value handles \item{}{} directly checkRd: (-1) udpipe_download_model.Rd:85: Lost braces in \itemize; \value handles \item{}{} directly checkRd: (-1) udpipe_download_model.Rd:86: Lost braces in \itemize; \value handles \item{}{} directly checkRd: (-1) udpipe_download_model.Rd:87: Lost braces in \itemize; \value handles \item{}{} directly checkRd: (-1) udpipe_download_model.Rd:88: Lost braces in \itemize; \value handles \item{}{} directly checkRd: (-1) udpipe_load_model.Rd:15: Lost braces in \itemize; \value handles \item{}{} directly checkRd: (-1) udpipe_load_model.Rd:16: Lost braces in \itemize; \value handles \item{}{} directly checkRd: (-1) udpipe_train.Rd:45: Lost braces in \itemize; \value handles \item{}{} directly checkRd: (-1) udpipe_train.Rd:46: Lost braces in \itemize; \value handles \item{}{} directly checkRd: (-1) udpipe_train.Rd:47: Lost braces in \itemize; \value handles \item{}{} directly checkRd: (-1) udpipe_train.Rd:48: Lost braces in \itemize; \value handles \item{}{} directly checkRd: (-1) udpipe_train.Rd:49-50: Lost braces in \itemize; \value handles \item{}{} directly Flavors: r-devel-linux-x86_64-debian-clang, r-devel-linux-x86_64-debian-gcc, r-devel-linux-x86_64-fedora-clang, r-devel-linux-x86_64-fedora-gcc, r-devel-windows-x86_64, r-patched-linux-x86_64, r-release-linux-x86_64, r-release-macos-arm64, r-release-macos-x86_64, r-release-windows-x86_64

Version: 0.8.11
Check: installed package size
Result: NOTE installed size is 7.1Mb sub-directories of 1Mb or more: doc 1.4Mb dummydata 1.4Mb libs 2.4Mb Flavors: r-devel-linux-x86_64-fedora-clang, r-devel-windows-x86_64, r-release-macos-arm64, r-release-macos-x86_64, r-release-windows-x86_64, r-oldrel-macos-arm64, r-oldrel-macos-x86_64, r-oldrel-windows-x86_64