CRAN Package Check Results for Package vesselr

Last updated on 2024-07-14 08:48:38 CEST.

Flavor Version Tinstall Tcheck Ttotal Status Flags
r-devel-linux-x86_64-debian-clang 0.2.1 4.25 50.23 54.48 NOTE
r-devel-linux-x86_64-debian-gcc 0.2.1 4.08 36.56 40.64 NOTE
r-devel-linux-x86_64-fedora-clang 0.2.1 69.03 NOTE
r-devel-linux-x86_64-fedora-gcc 0.2.1 62.97 NOTE
r-devel-windows-x86_64 0.2.1 5.00 59.00 64.00 NOTE
r-patched-linux-x86_64 0.2.1 6.77 47.29 54.06 NOTE
r-release-linux-x86_64 0.2.1 5.10 47.55 52.65 NOTE
r-release-macos-arm64 0.2.1 21.00 NOTE
r-release-macos-x86_64 0.2.1 38.00 NOTE
r-release-windows-x86_64 0.2.1 4.00 60.00 64.00 NOTE
r-oldrel-macos-arm64 0.2.1 26.00 NOTE
r-oldrel-macos-x86_64 0.2.1 35.00 NOTE
r-oldrel-windows-x86_64 0.2.1 7.00 64.00 71.00 NOTE

Check Details

Version: 0.2.1
Check: LazyData
Result: NOTE 'LazyData' is specified without a 'data' directory Flavors: r-devel-linux-x86_64-debian-clang, r-devel-linux-x86_64-debian-gcc, r-devel-linux-x86_64-fedora-clang, r-devel-linux-x86_64-fedora-gcc, r-devel-windows-x86_64, r-patched-linux-x86_64, r-release-linux-x86_64, r-release-macos-arm64, r-release-macos-x86_64, r-release-windows-x86_64, r-oldrel-macos-arm64, r-oldrel-macos-x86_64, r-oldrel-windows-x86_64

Version: 0.2.1
Check: Rd cross-references
Result: NOTE Found the following Rd file(s) with Rd \link{} targets missing package anchors: blobness3D.Rd: nifti gradient3D.Rd: nifti hessian3D.Rd: nifti vesselness3D.Rd: nifti Please provide package anchors for all Rd \link{} targets not in the package itself and the base packages. Flavor: r-devel-windows-x86_64