CRAN Package Check Results for Package vhica

Last updated on 2024-05-18 16:48:26 CEST.

Flavor Version Tinstall Tcheck Ttotal Status Flags
r-devel-linux-x86_64-debian-clang 0.2.8 2.95 35.94 38.89 NOTE
r-devel-linux-x86_64-debian-gcc 0.2.8 2.87 27.26 30.13 NOTE
r-devel-linux-x86_64-fedora-clang 0.2.8 50.83 NOTE
r-devel-linux-x86_64-fedora-gcc 0.2.8 51.17 NOTE
r-devel-windows-x86_64 0.2.8 3.00 46.00 49.00 NOTE
r-patched-linux-x86_64 0.2.8 3.61 35.42 39.03 NOTE
r-release-linux-x86_64 0.2.8 3.66 36.00 39.66 NOTE
r-release-macos-arm64 0.2.8 17.00 NOTE
r-release-windows-x86_64 0.2.8 3.00 47.00 50.00 NOTE
r-oldrel-macos-arm64 0.2.8 19.00 OK
r-oldrel-macos-x86_64 0.2.8 26.00 OK
r-oldrel-windows-x86_64 0.2.8 4.00 49.00 53.00 OK

Check Details

Version: 0.2.8
Check: Rd files
Result: NOTE checkRd: (-1) div.Rd:32: Lost braces in \itemize; \value handles \item{}{} directly checkRd: (-1) div.Rd:33: Lost braces in \itemize; \value handles \item{}{} directly checkRd: (-1) div.Rd:34: Lost braces in \itemize; \value handles \item{}{} directly checkRd: (-1) image.vhica.Rd:74: Lost braces 74 | The function returns (invisibly) a list of elements (object of class \code{vhicaimage}) which can be used for further analysis: \code{tree} contains the phylogenetic tree (object of class \code{"phylo"}), \code{species} is the vector of species, \code{stats} is a matrix of log10(P-values) (positive elements are minus log10(P) corresponding to positive residuals), code{dS} is a matrix reminding the divergence rates from the data. Calling the method \code{\link{summary.vhicaimage}} on this object returns a nicely formatted data frame. | ^ checkRd: (-1) read.vhica.Rd:59-74: Lost braces in \itemize; meant \describe ? checkRd: (-1) read.vhica.Rd:70: Lost braces in \itemize; meant \describe ? checkRd: (-1) read.vhica.Rd:71: Lost braces in \itemize; meant \describe ? checkRd: (-1) read.vhica.Rd:72: Lost braces in \itemize; meant \describe ? checkRd: (-1) read.vhica.Rd:75-92: Lost braces in \itemize; meant \describe ? checkRd: (-1) read.vhica.Rd:87: Lost braces in \itemize; meant \describe ? checkRd: (-1) read.vhica.Rd:88: Lost braces in \itemize; meant \describe ? checkRd: (-1) read.vhica.Rd:89: Lost braces in \itemize; meant \describe ? checkRd: (-1) read.vhica.Rd:90: Lost braces in \itemize; meant \describe ? checkRd: (-1) read.vhica.Rd:99: Lost braces in \itemize; \value handles \item{}{} directly checkRd: (-1) read.vhica.Rd:100: Lost braces in \itemize; \value handles \item{}{} directly checkRd: (-1) read.vhica.Rd:101: Lost braces in \itemize; \value handles \item{}{} directly checkRd: (-1) read.vhica.Rd:102: Lost braces in \itemize; \value handles \item{}{} directly checkRd: (-1) read.vhica.Rd:103: Lost braces in \itemize; \value handles \item{}{} directly checkRd: (-1) read.vhica.Rd:104: Lost braces in \itemize; \value handles \item{}{} directly checkRd: (-1) read.vhica.Rd:105: Lost braces in \itemize; \value handles \item{}{} directly checkRd: (-1) vhica-package.Rd:24: Lost braces in \itemize; meant \describe ? checkRd: (-1) vhica-package.Rd:25: Lost braces in \itemize; meant \describe ? checkRd: (-1) vhica-package.Rd:26: Lost braces in \itemize; meant \describe ? Flavors: r-devel-linux-x86_64-debian-clang, r-devel-linux-x86_64-debian-gcc, r-devel-linux-x86_64-fedora-clang, r-devel-linux-x86_64-fedora-gcc, r-devel-windows-x86_64, r-patched-linux-x86_64, r-release-linux-x86_64, r-release-macos-arm64, r-release-windows-x86_64