CRAN Package Check Results for Package wxgenR

Last updated on 2024-07-18 16:49:20 CEST.

Flavor Version Tinstall Tcheck Ttotal Status Flags
r-devel-linux-x86_64-debian-clang 1.4.0 13.58 497.65 511.23 OK
r-devel-linux-x86_64-debian-gcc 1.4.1 9.63 375.65 385.28 OK
r-devel-linux-x86_64-fedora-clang 1.4.1 572.08 OK
r-devel-linux-x86_64-fedora-gcc 1.4.1 536.71 OK
r-devel-windows-x86_64 1.4.1 13.00 761.00 774.00 OK
r-patched-linux-x86_64 1.4.1 12.96 473.38 486.34 OK
r-release-linux-x86_64 1.4.0 11.24 468.64 479.88 OK
r-release-macos-arm64 1.4.1 453.00 OK
r-release-macos-x86_64 1.4.1 1192.00 OK
r-release-windows-x86_64 1.4.1 12.00 748.00 760.00 OK
r-oldrel-macos-arm64 1.4.1 762.00 OK
r-oldrel-macos-x86_64 1.4.1 1803.00 NOTE
r-oldrel-windows-x86_64 1.4.0 15.00 1184.00 1199.00 OK

Check Details

Version: 1.4.1
Check: re-building of vignette outputs
Result: NOTE Error(s) in re-building vignettes: ... --- re-building ‘Vignette_BlacksburgVA.Rmd’ using rmarkdown --- finished re-building ‘Vignette_BlacksburgVA.Rmd’ --- re-building ‘Vignette_LowerSantaCruzRiverBasinAZ.Rmd’ using rmarkdown --- finished re-building ‘Vignette_LowerSantaCruzRiverBasinAZ.Rmd’ --- re-building ‘Vignette_paperCode_inSample.Rmd’ using rmarkdown Quitting from lines 128-164 [unnamed-chunk-5] (Vignette_paperCode_inSample.Rmd) Execution halted SUMMARY: processing the following file failed: ‘Vignette_paperCode_inSample.Rmd’ Error: Vignette re-building failed. Execution halted * checking PDF version of manual ...* using check arguments '--no-clean-on-error ' Flavor: r-oldrel-macos-x86_64