CRAN Package Check Results for Package xsp

Last updated on 2024-07-14 08:48:39 CEST.

Flavor Version Tinstall Tcheck Ttotal Status Flags
r-devel-linux-x86_64-debian-clang 0.1.2 5.51 65.80 71.31 NOTE
r-devel-linux-x86_64-debian-gcc 0.1.2 4.35 47.64 51.99 NOTE
r-devel-linux-x86_64-fedora-clang 0.1.2 89.57 NOTE
r-devel-linux-x86_64-fedora-gcc 0.1.2 82.96 NOTE
r-devel-windows-x86_64 0.1.2 7.00 68.00 75.00 NOTE
r-patched-linux-x86_64 0.1.2 5.06 62.90 67.96 NOTE
r-release-linux-x86_64 0.1.2 3.59 61.36 64.95 NOTE
r-release-macos-arm64 0.1.2 27.00 NOTE
r-release-macos-x86_64 0.1.2 41.00 NOTE
r-release-windows-x86_64 0.1.2 6.00 68.00 74.00 NOTE
r-oldrel-macos-arm64 0.1.2 30.00 NOTE
r-oldrel-macos-x86_64 0.1.2 44.00 NOTE
r-oldrel-windows-x86_64 0.1.2 7.00 77.00 84.00 NOTE

Check Details

Version: 0.1.2
Check: LazyData
Result: NOTE 'LazyData' is specified without a 'data' directory Flavors: r-devel-linux-x86_64-debian-clang, r-devel-linux-x86_64-debian-gcc, r-devel-linux-x86_64-fedora-clang, r-devel-linux-x86_64-fedora-gcc, r-devel-windows-x86_64, r-patched-linux-x86_64, r-release-linux-x86_64, r-release-macos-arm64, r-release-macos-x86_64, r-release-windows-x86_64, r-oldrel-macos-arm64, r-oldrel-macos-x86_64, r-oldrel-windows-x86_64