CRAN Package Check Results for Package zeroEQpart

Last updated on 2024-06-18 16:50:07 CEST.

Flavor Version Tinstall Tcheck Ttotal Status Flags
r-devel-linux-x86_64-debian-clang 0.1.0 2.50 29.48 31.98 OK
r-devel-linux-x86_64-debian-gcc 0.1.0 1.73 22.17 23.90 OK
r-devel-linux-x86_64-fedora-clang 0.1.0 38.92 NOTE
r-devel-linux-x86_64-fedora-gcc 0.1.0 37.01 NOTE
r-devel-windows-x86_64 0.1.0 2.00 43.00 45.00 OK
r-patched-linux-x86_64 0.1.0 1.98 28.43 30.41 OK
r-release-linux-x86_64 0.1.0 2.26 27.36 29.62 OK
r-release-macos-arm64 0.1.0 15.00 OK
r-release-macos-x86_64 0.1.0 23.00 OK
r-release-windows-x86_64 0.1.0 4.00 43.00 47.00 OK
r-oldrel-macos-arm64 0.1.0 16.00 OK
r-oldrel-macos-x86_64 0.1.0 26.00 OK
r-oldrel-windows-x86_64 0.1.0 3.00 46.00 49.00 OK

Check Details

Version: 0.1.0
Check: dependencies in R code
Result: NOTE Namespace in Imports field not imported from: ‘MASS’ All declared Imports should be used. Flavors: r-devel-linux-x86_64-fedora-clang, r-devel-linux-x86_64-fedora-gcc