CRAN Package Check Results for Package ABACUS

Last updated on 2021-09-28 01:49:15 CEST.

Flavor Version Tinstall Tcheck Ttotal Status Flags
r-devel-linux-x86_64-debian-clang 1.0.0 5.47 55.79 61.26 NOTE
r-devel-linux-x86_64-debian-gcc 1.0.0 3.94 41.68 45.62 NOTE
r-devel-linux-x86_64-fedora-clang 1.0.0 82.65 NOTE
r-devel-linux-x86_64-fedora-gcc 1.0.0 68.05 NOTE
r-devel-windows-x86_64 1.0.0 9.00 64.00 73.00 NOTE
r-devel-windows-x86_64-gcc10-UCRT 1.0.0 NOTE
r-patched-linux-x86_64 1.0.0 5.41 51.85 57.26 NOTE
r-patched-solaris-x86 1.0.0 100.70 NOTE
r-release-linux-x86_64 1.0.0 5.12 56.13 61.25 NOTE
r-release-macos-arm64 1.0.0 NOTE
r-release-macos-x86_64 1.0.0 NOTE
r-release-windows-ix86+x86_64 1.0.0 18.00 92.00 110.00 NOTE
r-oldrel-macos-x86_64 1.0.0 OK
r-oldrel-windows-ix86+x86_64 1.0.0 12.00 56.00 68.00 OK

Check Details

Version: 1.0.0
Check: LazyData
Result: NOTE
     'LazyData' is specified without a 'data' directory
Flavors: r-devel-linux-x86_64-debian-clang, r-devel-linux-x86_64-debian-gcc, r-devel-linux-x86_64-fedora-clang, r-devel-linux-x86_64-fedora-gcc, r-devel-windows-x86_64, r-devel-windows-x86_64-gcc10-UCRT, r-patched-linux-x86_64, r-patched-solaris-x86, r-release-linux-x86_64, r-release-macos-arm64, r-release-macos-x86_64, r-release-windows-ix86+x86_64