Last updated on 2024-03-27 23:59:37 CET.
Flavor | Version | Tinstall | Tcheck | Ttotal | Status | Flags |
---|---|---|---|---|---|---|
r-devel-linux-x86_64-debian-clang | 1.0.4.3 | 15.23 | 93.68 | 108.91 | OK | |
r-devel-linux-x86_64-debian-gcc | 1.0.4.3 | 14.76 | 69.18 | 83.94 | OK | |
r-devel-linux-x86_64-fedora-clang | 1.0.4.3 | 141.28 | NOTE | |||
r-devel-linux-x86_64-fedora-gcc | 1.0.4.3 | 137.64 | NOTE | |||
r-devel-windows-x86_64 | 1.0.4.3 | 22.00 | 99.00 | 121.00 | OK | |
r-patched-linux-x86_64 | 1.0.4.3 | 23.50 | 94.74 | 118.24 | OK | |
r-release-linux-x86_64 | 1.0.4.3 | 16.12 | 91.34 | 107.46 | OK | |
r-release-macos-arm64 | 1.0.4.3 | 49.00 | OK | |||
r-release-macos-x86_64 | 1.0.4.3 | 97.00 | OK | |||
r-release-windows-x86_64 | 1.0.4.3 | 27.00 | 109.00 | 136.00 | OK | |
r-oldrel-macos-arm64 | 1.0.4.3 | 51.00 | OK | |||
r-oldrel-windows-x86_64 | 1.0.4.3 | 25.00 | 123.00 | 148.00 | OK |
Version: 1.0.4.3
Check: compiled code
Result: NOTE
File ‘ACDm/libs/ACDm.so’:
Found no calls to: ‘R_registerRoutines’, ‘R_useDynamicSymbols’
It is good practice to register native routines and to disable symbol
search.
See ‘Writing portable packages’ in the ‘Writing R Extensions’ manual.
Flavors: r-devel-linux-x86_64-fedora-clang, r-devel-linux-x86_64-fedora-gcc