CRAN Package Check Results for Package AFM

Last updated on 2021-09-22 13:06:46 CEST.

Flavor Version Tinstall Tcheck Ttotal Status Flags
r-devel-linux-x86_64-debian-clang 2.0 27.33 101.30 128.63 OK
r-devel-linux-x86_64-debian-gcc 2.0 23.58 83.35 106.93 OK
r-devel-linux-x86_64-fedora-clang 2.0 277.16 OK
r-devel-linux-x86_64-fedora-gcc 2.0 260.95 OK
r-devel-windows-x86_64 2.0 31.00 163.00 194.00 OK
r-devel-windows-x86_64-gcc10-UCRT 2.0 ERROR
r-patched-linux-x86_64 2.0 32.53 96.64 129.17 OK
r-patched-solaris-x86 2.0 360.00 OK
r-release-linux-x86_64 2.0 26.21 94.39 120.60 OK
r-release-macos-arm64 2.0 OK
r-release-macos-x86_64 2.0 OK
r-release-windows-ix86+x86_64 2.0 60.00 230.00 290.00 OK
r-oldrel-macos-x86_64 2.0 OK
r-oldrel-windows-ix86+x86_64 2.0 41.00 164.00 205.00 OK

Check Details

Version: 2.0
Check: package dependencies
Result: ERROR
    Packages required but not available: 'rgl', 'png', 'igraph'
    
    See section 'The DESCRIPTION file' in the 'Writing R Extensions'
    manual.
Flavor: r-devel-windows-x86_64-gcc10-UCRT