Last updated on 2023-06-07 17:55:31 CEST.
Flavor | Version | Tinstall | Tcheck | Ttotal | Status | Flags |
---|---|---|---|---|---|---|
r-devel-linux-x86_64-debian-clang | 0.3.4 | 9.38 | 103.71 | 113.09 | OK | |
r-devel-linux-x86_64-debian-gcc | 0.3.4 | 7.12 | 78.60 | 85.72 | OK | |
r-devel-linux-x86_64-fedora-clang | 0.3.4 | 154.48 | NOTE | |||
r-devel-linux-x86_64-fedora-gcc | 0.3.4 | 148.19 | NOTE | |||
r-devel-windows-x86_64 | 0.3.4 | 10.00 | 99.00 | 109.00 | OK | |
r-patched-linux-x86_64 | 0.3.4 | 8.70 | 107.86 | 116.56 | OK | |
r-release-linux-x86_64 | 0.3.4 | 10.48 | 98.85 | 109.33 | OK | |
r-release-macos-arm64 | 0.3.4 | 57.00 | OK | |||
r-release-macos-x86_64 | 0.3.4 | 83.00 | OK | |||
r-release-windows-x86_64 | 0.3.4 | 13.00 | 116.00 | 129.00 | OK | |
r-oldrel-macos-arm64 | 0.3.4 | 48.00 | OK | |||
r-oldrel-macos-x86_64 | 0.3.4 | 55.00 | OK | |||
r-oldrel-windows-x86_64 | 0.3.4 | 14.00 | 118.00 | 132.00 | OK |
Version: 0.3.4
Check: dependencies in R code
Result: NOTE
Namespaces in Imports field not imported from:
‘mFilter’ ‘regclass’ ‘writexl’
All declared Imports should be used.
Flavors: r-devel-linux-x86_64-fedora-clang, r-devel-linux-x86_64-fedora-gcc