CRAN Package Check Results for Package AFheritability

Last updated on 2021-09-28 01:49:16 CEST.

Flavor Version Tinstall Tcheck Ttotal Status Flags
r-devel-linux-x86_64-debian-clang 0.1.0 6.06 57.28 63.34 NOTE
r-devel-linux-x86_64-debian-gcc 0.1.0 4.74 42.54 47.28 NOTE
r-devel-linux-x86_64-fedora-clang 0.1.0 84.46 NOTE
r-devel-linux-x86_64-fedora-gcc 0.1.0 72.08 NOTE
r-devel-windows-x86_64 0.1.0 8.00 59.00 67.00 NOTE
r-devel-windows-x86_64-gcc10-UCRT 0.1.0 NOTE
r-patched-linux-x86_64 0.1.0 6.38 53.20 59.58 NOTE
r-patched-solaris-x86 0.1.0 106.30 NOTE
r-release-linux-x86_64 0.1.0 6.32 59.04 65.36 NOTE
r-release-macos-arm64 0.1.0 NOTE
r-release-macos-x86_64 0.1.0 NOTE
r-release-windows-ix86+x86_64 0.1.0 16.00 80.00 96.00 NOTE
r-oldrel-macos-x86_64 0.1.0 OK
r-oldrel-windows-ix86+x86_64 0.1.0 14.00 57.00 71.00 OK

Check Details

Version: 0.1.0
Check: LazyData
Result: NOTE
     'LazyData' is specified without a 'data' directory
Flavors: r-devel-linux-x86_64-debian-clang, r-devel-linux-x86_64-debian-gcc, r-devel-linux-x86_64-fedora-clang, r-devel-linux-x86_64-fedora-gcc, r-devel-windows-x86_64, r-devel-windows-x86_64-gcc10-UCRT, r-patched-linux-x86_64, r-patched-solaris-x86, r-release-linux-x86_64, r-release-macos-arm64, r-release-macos-x86_64, r-release-windows-ix86+x86_64