Last updated on 2024-08-08 08:49:09 CEST.
Flavor | Version | Tinstall | Tcheck | Ttotal | Status | Flags |
---|---|---|---|---|---|---|
r-devel-linux-x86_64-debian-clang | 0.1.0 | 10.82 | 84.15 | 94.97 | NOTE | |
r-devel-linux-x86_64-debian-gcc | 0.1.0 | 8.35 | 61.82 | 70.17 | NOTE | |
r-devel-linux-x86_64-fedora-clang | 0.1.0 | 154.05 | NOTE | |||
r-devel-linux-x86_64-fedora-gcc | 0.1.0 | 142.43 | NOTE | |||
r-devel-windows-x86_64 | 0.1.0 | 13.00 | 101.00 | 114.00 | NOTE | |
r-patched-linux-x86_64 | 0.1.0 | 10.86 | 80.31 | 91.17 | NOTE | |
r-release-linux-x86_64 | 0.1.0 | 10.72 | 80.53 | 91.25 | NOTE | |
r-release-macos-arm64 | 0.1.0 | 41.00 | NOTE | |||
r-release-macos-x86_64 | 0.1.0 | 67.00 | NOTE | |||
r-release-windows-x86_64 | 0.1.0 | 12.00 | 101.00 | 113.00 | NOTE | |
r-oldrel-macos-arm64 | 0.1.0 | 45.00 | OK | |||
r-oldrel-macos-x86_64 | 0.1.0 | 77.00 | OK | |||
r-oldrel-windows-x86_64 | 0.1.0 | 15.00 | 120.00 | 135.00 | OK |
Version: 0.1.0
Check: Rd files
Result: NOTE
checkRd: (-1) AEHMLE.Rd:42-45: Lost braces
42 | \item{basehaz}{: {baseline hazard structure including baseline
| ^
checkRd: (-1) AHMLE.Rd:41-43: Lost braces
41 | \item{basehaz}{: {baseline hazard structure including baseline
| ^
Flavors: r-devel-linux-x86_64-debian-clang, r-devel-linux-x86_64-debian-gcc, r-devel-linux-x86_64-fedora-clang, r-devel-linux-x86_64-fedora-gcc, r-devel-windows-x86_64, r-patched-linux-x86_64, r-release-linux-x86_64, r-release-macos-arm64, r-release-macos-x86_64, r-release-windows-x86_64