CRAN Package Check Results for Package AMOEBA

Last updated on 2021-11-30 20:49:09 CET.

Flavor Version Tinstall Tcheck Ttotal Status Flags
r-devel-linux-x86_64-debian-clang 1.1 27.42 268.54 295.96 NOTE
r-devel-linux-x86_64-debian-gcc 1.1 24.33 199.01 223.34 NOTE
r-devel-linux-x86_64-fedora-clang 1.1 367.52 NOTE
r-devel-linux-x86_64-fedora-gcc 1.1 401.55 NOTE
r-devel-windows-x86_64-new-UL 1.1 46.00 308.00 354.00 NOTE
r-devel-windows-x86_64-new-TK 1.1 NOTE
r-devel-windows-x86_64-old 1.1 45.00 249.00 294.00 NOTE
r-patched-linux-x86_64 1.1 27.10 255.85 282.95 NOTE
r-patched-solaris-x86 1.1 463.20 NOTE
r-release-linux-x86_64 1.1 27.76 258.61 286.37 NOTE
r-release-macos-arm64 1.1 NOTE
r-release-macos-x86_64 1.1 NOTE
r-release-windows-ix86+x86_64 1.1 69.00 217.00 286.00 NOTE
r-oldrel-macos-x86_64 1.1 NOTE
r-oldrel-windows-ix86+x86_64 1.1 50.00 230.00 280.00 NOTE

Check Details

Version: 1.1
Check: R code for possible problems
Result: NOTE
    AMOEBA : Classi: no visible global function definition for 'sd'
    Undefined global functions or variables:
     sd
    Consider adding
     importFrom("stats", "sd")
    to your NAMESPACE file.
Flavors: r-devel-linux-x86_64-debian-clang, r-devel-linux-x86_64-debian-gcc, r-devel-linux-x86_64-fedora-clang, r-devel-linux-x86_64-fedora-gcc, r-devel-windows-x86_64-new-UL, r-devel-windows-x86_64-new-TK, r-devel-windows-x86_64-old, r-patched-linux-x86_64, r-patched-solaris-x86, r-release-linux-x86_64, r-release-macos-arm64, r-release-macos-x86_64, r-release-windows-ix86+x86_64, r-oldrel-macos-x86_64, r-oldrel-windows-ix86+x86_64