Last updated on 2023-09-24 00:56:36 CEST.
Flavor | Version | Tinstall | Tcheck | Ttotal | Status | Flags |
---|---|---|---|---|---|---|
r-devel-linux-x86_64-debian-clang | 0.1.0 | 2.48 | 20.12 | 22.60 | NOTE | |
r-devel-linux-x86_64-debian-gcc | 0.1.0 | 2.09 | 17.32 | 19.41 | NOTE | |
r-devel-linux-x86_64-fedora-clang | 0.1.0 | 29.02 | NOTE | |||
r-devel-linux-x86_64-fedora-gcc | 0.1.0 | 27.82 | NOTE | |||
r-devel-windows-x86_64 | 0.1.0 | 5.00 | 38.00 | 43.00 | NOTE | |
r-patched-linux-x86_64 | 0.1.0 | 2.34 | 19.90 | 22.24 | NOTE | |
r-release-linux-x86_64 | 0.1.0 | 1.97 | 19.68 | 21.65 | NOTE | |
r-release-macos-arm64 | 0.1.0 | 15.00 | NOTE | |||
r-release-macos-x86_64 | 0.1.0 | 18.00 | NOTE | |||
r-release-windows-x86_64 | 0.1.0 | 5.00 | 37.00 | 42.00 | NOTE | |
r-oldrel-macos-arm64 | 0.1.0 | 16.00 | NOTE | |||
r-oldrel-macos-x86_64 | 0.1.0 | 24.00 | NOTE | |||
r-oldrel-windows-x86_64 | 0.1.0 | 5.00 | 42.00 | 47.00 | NOTE |
Version: 0.1.0
Check: LazyData
Result: NOTE
'LazyData' is specified without a 'data' directory
Flavors: r-devel-linux-x86_64-debian-clang, r-devel-linux-x86_64-debian-gcc, r-devel-linux-x86_64-fedora-clang, r-devel-linux-x86_64-fedora-gcc, r-devel-windows-x86_64, r-patched-linux-x86_64, r-release-linux-x86_64, r-release-macos-arm64, r-release-macos-x86_64, r-release-windows-x86_64, r-oldrel-macos-arm64, r-oldrel-macos-x86_64, r-oldrel-windows-x86_64
Version: 0.1.0
Check: dependencies in R code
Result: NOTE
Namespaces in Imports field not imported from:
‘DescTools’ ‘HH’ ‘datasets’ ‘dplyr’ ‘rhandsontable’ ‘shiny’
All declared Imports should be used.
Flavors: r-devel-linux-x86_64-fedora-clang, r-devel-linux-x86_64-fedora-gcc, r-oldrel-macos-arm64, r-oldrel-macos-x86_64